{"id":10217,"date":"2025-10-28T11:22:13","date_gmt":"2025-10-28T14:22:13","guid":{"rendered":"https:\/\/cipead.ufpr.br\/?page_id=10217"},"modified":"2025-10-31T11:50:24","modified_gmt":"2025-10-31T14:50:24","slug":"formulario-prof-pedagogia-ead","status":"publish","type":"page","link":"https:\/\/cipead.ufpr.br\/index.php\/formulario-prof-pedagogia-ead\/","title":{"rendered":"Formul\u00e1rio de Inscri\u00e7\u00e3o &#8211; Processo Seletivo de Professor Formador do Curso de Pedagogia EaD"},"content":{"rendered":"<p>[contact-form-7 id=&#8221;7a36205&#8243; title=&#8221;Formul\u00e1rio de Inscri\u00e7\u00e3o &#8211; Processo Seletivo de Professor Formador do Curso de Pedagogia EaD&#8221;]<\/p>\n\n\n\n<p><\/p>\n","protected":false},"excerpt":{"rendered":"","protected":false},"author":39,"featured_media":0,"parent":0,"menu_order":0,"comment_status":"closed","ping_status":"closed","template":"","meta":{"_eb_attr":"","footnotes":""},"class_list":["post-10217","page","type-page","status-publish","hentry"],"_links":{"self":[{"href":"https:\/\/cipead.ufpr.br\/index.php\/wp-json\/wp\/v2\/pages\/10217","targetHints":{"allow":["GET"]}}],"collection":[{"href":"https:\/\/cipead.ufpr.br\/index.php\/wp-json\/wp\/v2\/pages"}],"about":[{"href":"https:\/\/cipead.ufpr.br\/index.php\/wp-json\/wp\/v2\/types\/page"}],"author":[{"embeddable":true,"href":"https:\/\/cipead.ufpr.br\/index.php\/wp-json\/wp\/v2\/users\/39"}],"replies":[{"embeddable":true,"href":"https:\/\/cipead.ufpr.br\/index.php\/wp-json\/wp\/v2\/comments?post=10217"}],"version-history":[{"count":2,"href":"https:\/\/cipead.ufpr.br\/index.php\/wp-json\/wp\/v2\/pages\/10217\/revisions"}],"predecessor-version":[{"id":10246,"href":"https:\/\/cipead.ufpr.br\/index.php\/wp-json\/wp\/v2\/pages\/10217\/revisions\/10246"}],"wp:attachment":[{"href":"https:\/\/cipead.ufpr.br\/index.php\/wp-json\/wp\/v2\/media?parent=10217"}],"curies":[{"name":"wp","href":"https:\/\/api.w.org\/{rel}","templated":true}]}}