{"id":169,"date":"2019-09-25T11:32:52","date_gmt":"2019-09-25T14:32:52","guid":{"rendered":"https:\/\/cipead.ufpr.br\/?page_id=169"},"modified":"2025-04-02T13:35:51","modified_gmt":"2025-04-02T16:35:51","slug":"manual-do-coordenador","status":"publish","type":"page","link":"https:\/\/cipead.ufpr.br\/index.php\/uab\/area-do-coordenador\/manual-do-coordenador\/","title":{"rendered":"MANUAL DO COORDENADOR"},"content":{"rendered":"\t\t<div data-elementor-type=\"wp-post\" data-elementor-id=\"169\" class=\"elementor elementor-169\">\n\t\t\t\t\t\t<section class=\"elementor-section elementor-top-section elementor-element elementor-element-68554fff elementor-section-boxed elementor-section-height-default elementor-section-height-default\" data-id=\"68554fff\" data-element_type=\"section\" data-e-type=\"section\">\n\t\t\t\t\t\t<div class=\"elementor-container elementor-column-gap-default\">\n\t\t\t\t\t<div class=\"elementor-column elementor-col-66 elementor-top-column elementor-element elementor-element-1049da72\" data-id=\"1049da72\" data-element_type=\"column\" data-e-type=\"column\">\n\t\t\t<div class=\"elementor-widget-wrap elementor-element-populated\">\n\t\t\t\t\t\t<div class=\"elementor-element elementor-element-43313e2 elementor-widget elementor-widget-text-editor\" data-id=\"43313e2\" data-element_type=\"widget\" data-e-type=\"widget\" data-widget_type=\"text-editor.default\">\n\t\t\t\t<div class=\"elementor-widget-container\">\n\t\t\t\t\t\t\t\t\t<p style=\"text-align: justify;\"><img fetchpriority=\"high\" decoding=\"async\" class=\"wp-image-4031 alignright\" src=\"http:\/\/cipead.ufpr.br\/\/wp-content\/uploads\/2020\/08\/uab_ilustra\u00e7\u00e3o3-300x233.png\" alt=\"\" width=\"400\" height=\"311\" srcset=\"https:\/\/cipead.ufpr.br\/wp-content\/uploads\/2020\/08\/uab_ilustra\u00e7\u00e3o3-300x233.png 300w, https:\/\/cipead.ufpr.br\/wp-content\/uploads\/2020\/08\/uab_ilustra\u00e7\u00e3o3-768x596.png 768w, https:\/\/cipead.ufpr.br\/wp-content\/uploads\/2020\/08\/uab_ilustra\u00e7\u00e3o3.png 922w\" sizes=\"(max-width: 400px) 100vw, 400px\" \/><\/p><p style=\"text-align: justify;\"><strong><span style=\"font-size: 14pt; color: #00afdc;\">Prezado coordenador(a),<\/span><\/strong><\/p><p style=\"text-align: justify;\"><span style=\"color: #000000;\">Os cursos ofertados por meio do sistema UAB seguem as normativas da DED\/CAPES.\u00a0<\/span><\/p><p style=\"text-align: justify;\"><span style=\"color: #000000;\">Por isso, para auxili\u00e1-lo, disponibilizamos esse manual com informa\u00e7\u00f5es sobre a rotina de operacionaliza\u00e7\u00e3o de um curso ofertado pela UAB: como conduzir os processos de sele\u00e7\u00e3o de bolsistas,\u00a0 as obriga\u00e7\u00f5es de cada um deles e as indica\u00e7\u00f5es dos procedimentos que precisam ser realizados mensalmente.<\/span><\/p><p><a href=\"http:\/\/cipead.ufpr.br\/\/wp-content\/uploads\/2019\/arquivos\/uab\/manual_coord_uab.pdf\"><strong><img decoding=\"async\" class=\"wp-image-4001 alignnone\" src=\"http:\/\/cipead.ufpr.br\/\/wp-content\/uploads\/2020\/08\/download1_78499.png\" alt=\"\" width=\"20\" height=\"20\" \/> MANUAL DO COORDENADOR &#8211; Clique aqui<\/strong><\/a><\/p>\t\t\t\t\t\t\t\t<\/div>\n\t\t\t\t<\/div>\n\t\t\t\t\t<\/div>\n\t\t<\/div>\n\t\t\t\t<div class=\"elementor-column elementor-col-33 elementor-top-column elementor-element elementor-element-ef2f916\" data-id=\"ef2f916\" data-element_type=\"column\" data-e-type=\"column\">\n\t\t\t<div class=\"elementor-widget-wrap\">\n\t\t\t\t\t\t\t<\/div>\n\t\t<\/div>\n\t\t\t\t\t<\/div>\n\t\t<\/section>\n\t\t\t\t<section class=\"elementor-section elementor-top-section elementor-element elementor-element-4fabffb6 elementor-section-boxed elementor-section-height-default elementor-section-height-default\" data-id=\"4fabffb6\" data-element_type=\"section\" data-e-type=\"section\">\n\t\t\t\t\t\t<div class=\"elementor-container elementor-column-gap-default\">\n\t\t\t\t\t<div class=\"elementor-column elementor-col-100 elementor-top-column elementor-element elementor-element-795a2017\" data-id=\"795a2017\" data-element_type=\"column\" data-e-type=\"column\">\n\t\t\t<div class=\"elementor-widget-wrap elementor-element-populated\">\n\t\t\t\t\t\t<div class=\"elementor-element elementor-element-55fe9c7 elementor-widget elementor-widget-heading\" data-id=\"55fe9c7\" data-element_type=\"widget\" data-e-type=\"widget\" data-widget_type=\"heading.default\">\n\t\t\t\t<div class=\"elementor-widget-container\">\n\t\t\t\t\t<h4 class=\"elementor-heading-title elementor-size-default\">FAQ - PRINCIPAIS D\u00daVIDAS<\/h4>\t\t\t\t<\/div>\n\t\t\t\t<\/div>\n\t\t\t\t<div class=\"elementor-element elementor-element-4eee7ab elementor-widget elementor-widget-eael-adv-accordion\" data-id=\"4eee7ab\" data-element_type=\"widget\" data-e-type=\"widget\" data-widget_type=\"eael-adv-accordion.default\">\n\t\t\t\t<div class=\"elementor-widget-container\">\n\t\t\t\t\t            <div class=\"eael-adv-accordion\" id=\"eael-adv-accordion-4eee7ab\" data-scroll-on-click=\"no\" data-scroll-speed=\"300\" data-accordion-id=\"4eee7ab\" data-accordion-type=\"accordion\" data-toogle-speed=\"300\">\n            <div class=\"eael-accordion-list\">\n\t\t\t\t\t<div id=\"a-posso-fazer-a-indicao-de-um-bolsista-para-atuar-no-sistema-uab\" class=\"elementor-tab-title eael-accordion-header\" tabindex=\"0\" data-tab=\"1\" aria-controls=\"elementor-tab-content-8271\"><span class=\"eael-advanced-accordion-icon-closed\"><i aria-hidden=\"true\" class=\"fa-accordion-icon fas fa-plus\"><\/i><\/span><span class=\"eael-advanced-accordion-icon-opened\"><i aria-hidden=\"true\" class=\"fa-accordion-icon fas fa-minus\"><\/i><\/span><span class=\"eael-accordion-tab-title\">A. Posso fazer a indica\u00e7\u00e3o de um bolsista para atuar no sistema UAB?<\/span><i aria-hidden=\"true\" class=\"fa-toggle fas fa-chevron-right\"><\/i><\/div><div id=\"elementor-tab-content-8271\" class=\"eael-accordion-content clearfix\" data-tab=\"1\" aria-labelledby=\"a-posso-fazer-a-indicao-de-um-bolsista-para-atuar-no-sistema-uab\"><p><span style=\"color: #000000\">N\u00e3o. Todos os bolsistas devem ser selecionados mediante processo seletivo p\u00fablico. <\/span><\/p><\/div>\n\t\t\t\t\t<\/div><div class=\"eael-accordion-list\">\n\t\t\t\t\t<div id=\"b-professores-da-ufpr-precisam-fazer-um-processo-seletivo-para-atuar-como-bolsista-uab\" class=\"elementor-tab-title eael-accordion-header\" tabindex=\"0\" data-tab=\"2\" aria-controls=\"elementor-tab-content-8272\"><span class=\"eael-advanced-accordion-icon-closed\"><i aria-hidden=\"true\" class=\"fa-accordion-icon fas fa-plus\"><\/i><\/span><span class=\"eael-advanced-accordion-icon-opened\"><i aria-hidden=\"true\" class=\"fa-accordion-icon fas fa-minus\"><\/i><\/span><span class=\"eael-accordion-tab-title\">B. Professores da UFPR precisam fazer um processo seletivo para atuar como bolsista UAB?<\/span><i aria-hidden=\"true\" class=\"fa-toggle fas fa-chevron-right\"><\/i><\/div><div id=\"elementor-tab-content-8272\" class=\"eael-accordion-content clearfix\" data-tab=\"2\" aria-labelledby=\"b-professores-da-ufpr-precisam-fazer-um-processo-seletivo-para-atuar-como-bolsista-uab\"><p style=\"text-align: justify\"><span style=\"color: #000000\">Sim. A partir da publica\u00e7\u00e3o da <strong>Portaria 249\/2018<\/strong>, todos os professores formadores, conteudistas e coordenadores de curso ser\u00e3o selecionados mediante processo seletivo.<\/span><\/p><\/div>\n\t\t\t\t\t<\/div><div class=\"eael-accordion-list\">\n\t\t\t\t\t<div id=\"c-preciso-fazer-parte-do-quadro-do-funcionalismo-pblico-para-ser-bolsista-uab\" class=\"elementor-tab-title eael-accordion-header\" tabindex=\"0\" data-tab=\"3\" aria-controls=\"elementor-tab-content-8273\"><span class=\"eael-advanced-accordion-icon-closed\"><i aria-hidden=\"true\" class=\"fa-accordion-icon fas fa-plus\"><\/i><\/span><span class=\"eael-advanced-accordion-icon-opened\"><i aria-hidden=\"true\" class=\"fa-accordion-icon fas fa-minus\"><\/i><\/span><span class=\"eael-accordion-tab-title\">C. \u00c9 preciso fazer parte do quadro do funcionalismo p\u00fablico para ser bolsista UAB?<\/span><i aria-hidden=\"true\" class=\"fa-toggle fas fa-chevron-right\"><\/i><\/div><div id=\"elementor-tab-content-8273\" class=\"eael-accordion-content clearfix\" data-tab=\"3\" aria-labelledby=\"c-preciso-fazer-parte-do-quadro-do-funcionalismo-pblico-para-ser-bolsista-uab\"><p style=\"text-align: justify\"><span style=\"font-weight: 400;color: #000000\">N\u00e3o.<\/span><\/p><\/div>\n\t\t\t\t\t<\/div><div class=\"eael-accordion-list\">\n\t\t\t\t\t<div id=\"d-quem-pode-se-candidatar-bolsa-de-tutoria\" class=\"elementor-tab-title eael-accordion-header\" tabindex=\"0\" data-tab=\"4\" aria-controls=\"elementor-tab-content-8274\"><span class=\"eael-advanced-accordion-icon-closed\"><i aria-hidden=\"true\" class=\"fa-accordion-icon fas fa-plus\"><\/i><\/span><span class=\"eael-advanced-accordion-icon-opened\"><i aria-hidden=\"true\" class=\"fa-accordion-icon fas fa-minus\"><\/i><\/span><span class=\"eael-accordion-tab-title\">D. Quem pode se candidatar \u00e0 bolsa de tutoria?<\/span><i aria-hidden=\"true\" class=\"fa-toggle fas fa-chevron-right\"><\/i><\/div><div id=\"elementor-tab-content-8274\" class=\"eael-accordion-content clearfix\" data-tab=\"4\" aria-labelledby=\"d-quem-pode-se-candidatar-bolsa-de-tutoria\"><p style=\"text-align: justify\"><span style=\"color: #000000\">Os requisitos necess\u00e1rios s\u00e3o: forma\u00e7\u00e3o em n\u00edvel superior e experi\u00eancia de 1 (um) ano no Magist\u00e9rio do Ensino B\u00e1sico ou Superior. O candidato dever\u00e1 ter disponibilidade para participar das viv\u00eancias formativas oferecidas pela Cipead.<\/span><\/p><\/div>\n\t\t\t\t\t<\/div><div class=\"eael-accordion-list\">\n\t\t\t\t\t<div id=\"e-como-feito-o-clculo-para-concesso-de-bolsas-para-orientao-de-tcc\" class=\"elementor-tab-title eael-accordion-header\" tabindex=\"0\" data-tab=\"5\" aria-controls=\"elementor-tab-content-8275\"><span class=\"eael-advanced-accordion-icon-closed\"><i aria-hidden=\"true\" class=\"fa-accordion-icon fas fa-plus\"><\/i><\/span><span class=\"eael-advanced-accordion-icon-opened\"><i aria-hidden=\"true\" class=\"fa-accordion-icon fas fa-minus\"><\/i><\/span><span class=\"eael-accordion-tab-title\">E. Como \u00e9 feito o c\u00e1lculo para concess\u00e3o de bolsas para orienta\u00e7\u00e3o de TCC?<\/span><i aria-hidden=\"true\" class=\"fa-toggle fas fa-chevron-right\"><\/i><\/div><div id=\"elementor-tab-content-8275\" class=\"eael-accordion-content clearfix\" data-tab=\"5\" aria-labelledby=\"e-como-feito-o-clculo-para-concesso-de-bolsas-para-orientao-de-tcc\"><p style=\"text-align: justify\"><span style=\"color: #000000\">Duas mensalidades de bolsa por per\u00edodo (semestre), para disciplinade TCC para cada grupo de 10 alunos.<\/span><\/p><\/div>\n\t\t\t\t\t<\/div><div class=\"eael-accordion-list\">\n\t\t\t\t\t<div id=\"f-acmulo-de-bolsas\" class=\"elementor-tab-title eael-accordion-header\" tabindex=\"0\" data-tab=\"6\" aria-controls=\"elementor-tab-content-8276\"><span class=\"eael-advanced-accordion-icon-closed\"><i aria-hidden=\"true\" class=\"fa-accordion-icon fas fa-plus\"><\/i><\/span><span class=\"eael-advanced-accordion-icon-opened\"><i aria-hidden=\"true\" class=\"fa-accordion-icon fas fa-minus\"><\/i><\/span><span class=\"eael-accordion-tab-title\">F. Ac\u00famulo de bolsas:<\/span><i aria-hidden=\"true\" class=\"fa-toggle fas fa-chevron-right\"><\/i><\/div><div id=\"elementor-tab-content-8276\" class=\"eael-accordion-content clearfix\" data-tab=\"6\" aria-labelledby=\"f-acmulo-de-bolsas\"><p style=\"text-align: justify\"><span style=\"color: #000000\"><strong>Portaria CAPES\/CNPQ 02\/2014<\/strong><\/span><\/p><p style=\"text-align: justify\"><br \/><span style=\"color: #000000\"><strong>Tutor:<\/strong> N\u00e3o pode acumular com nenhuma bolsa FNDE. Pode acumular com bolsas CAPES n\u00e3o regidas pela <strong>lei 11.273\/2006<\/strong>. Pode acumular com bolsa CNPQ. <\/span><\/p><p style=\"text-align: justify\"><span style=\"color: #000000\"><strong>Professor Formador e Coordenador <\/strong><strong>de Curso:<\/strong> N\u00e3o pode acumular com nenhuma bolsa CAPES ou FNDE. Pode acumular com bolsas de PQ ou DT do CNPQ. Em caso de ac\u00famulo, h\u00e1 a obrigatoriedade de devolu\u00e7\u00e3o das bolsas recebidas no per\u00edodo.<\/span><\/p><\/div>\n\t\t\t\t\t<\/div><div class=\"eael-accordion-list\">\n\t\t\t\t\t<div id=\"g-como-feito-o-clculo-para-concesso-de-bolsas-de-tutoria\" class=\"elementor-tab-title eael-accordion-header\" tabindex=\"0\" data-tab=\"7\" aria-controls=\"elementor-tab-content-8277\"><span class=\"eael-advanced-accordion-icon-closed\"><i aria-hidden=\"true\" class=\"fa-accordion-icon fas fa-plus\"><\/i><\/span><span class=\"eael-advanced-accordion-icon-opened\"><i aria-hidden=\"true\" class=\"fa-accordion-icon fas fa-minus\"><\/i><\/span><span class=\"eael-accordion-tab-title\">G. Como \u00e9 feito o c\u00e1lculo para concess\u00e3o de bolsas de tutoria?<\/span><i aria-hidden=\"true\" class=\"fa-toggle fas fa-chevron-right\"><\/i><\/div><div id=\"elementor-tab-content-8277\" class=\"eael-accordion-content clearfix\" data-tab=\"7\" aria-labelledby=\"g-como-feito-o-clculo-para-concesso-de-bolsas-de-tutoria\"><p style=\"text-align: justify\"><span style=\"color: #000000\">Uma mensalidade de bolsa por grupo de 18 alunos em cursos de gradua\u00e7\u00e3o e uma mensalidade de bolsa por grupo de 25 alunos em cursos de especializa\u00e7\u00e3o, inclu\u00eddos, em ambos os casos, os alunos em est\u00e1gio ou em fase de Trabalho de Conclus\u00e3o de Curso (TCC); Uma mensalidade de bolsa por aluno em Atendimento Educacional Especializado (AEE) ap\u00f3s solicita\u00e7\u00e3o formal e aprova\u00e7\u00e3o pela DED\/CAPES.<\/span><\/p><\/div>\n\t\t\t\t\t<\/div><div class=\"eael-accordion-list\">\n\t\t\t\t\t<div id=\"h-como-feito-o-clculo-para-concesso-de-bolsas-de-professor-formador\" class=\"elementor-tab-title eael-accordion-header\" tabindex=\"0\" data-tab=\"8\" aria-controls=\"elementor-tab-content-8278\"><span class=\"eael-advanced-accordion-icon-closed\"><i aria-hidden=\"true\" class=\"fa-accordion-icon fas fa-plus\"><\/i><\/span><span class=\"eael-advanced-accordion-icon-opened\"><i aria-hidden=\"true\" class=\"fa-accordion-icon fas fa-minus\"><\/i><\/span><span class=\"eael-accordion-tab-title\">H. Como \u00e9 feito o c\u00e1lculo para concess\u00e3o de bolsas de professor formador?<\/span><i aria-hidden=\"true\" class=\"fa-toggle fas fa-chevron-right\"><\/i><\/div><div id=\"elementor-tab-content-8278\" class=\"eael-accordion-content clearfix\" data-tab=\"8\" aria-labelledby=\"h-como-feito-o-clculo-para-concesso-de-bolsas-de-professor-formador\"><p style=\"text-align: justify\"><span style=\"color: #000000\">Uma mensalidade de bolsa, por per\u00edodo (semestre), para cada 15 horas-aula, inclu\u00eddas as disciplinas de est\u00e1gio, TCC e optativas conforme grade curricular cadastrada no SisUAB. Adicionalmente, uma mensalidade de bolsa para disciplina de est\u00e1gio predominantemente pr\u00e1tico e duas mensalidades de bolsa por per\u00edodo, para disciplina de TCC para cada grupo de 10 alunos. No caso das ofertas de gradua\u00e7\u00e3o com status \u201cA ser conclu\u00edda\u201d (cujos per\u00edodos n\u00e3o constam da grade curricular), <\/span><span style=\"color: #000000\">ser\u00e1 alocada uma mensalidade de <\/span><span style=\"color: #000000\">bolsa de Professor por grupo de <\/span><span style=\"color: #000000\">30 alunos.<\/span><\/p><\/div>\n\t\t\t\t\t<\/div><\/div>\t\t\t\t<\/div>\n\t\t\t\t<\/div>\n\t\t\t\t\t<\/div>\n\t\t<\/div>\n\t\t\t\t\t<\/div>\n\t\t<\/section>\n\t\t\t\t<section class=\"elementor-section elementor-top-section elementor-element elementor-element-8ae983e elementor-section-boxed elementor-section-height-default elementor-section-height-default\" data-id=\"8ae983e\" data-element_type=\"section\" data-e-type=\"section\">\n\t\t\t\t\t\t<div class=\"elementor-container elementor-column-gap-default\">\n\t\t\t\t\t<div class=\"elementor-column elementor-col-100 elementor-top-column elementor-element elementor-element-760cfbe\" data-id=\"760cfbe\" data-element_type=\"column\" data-e-type=\"column\">\n\t\t\t<div class=\"elementor-widget-wrap\">\n\t\t\t\t\t\t\t<\/div>\n\t\t<\/div>\n\t\t\t\t\t<\/div>\n\t\t<\/section>\n\t\t\t\t<section class=\"elementor-section elementor-top-section elementor-element elementor-element-06d9802 elementor-section-stretched elementor-section-boxed elementor-section-height-default elementor-section-height-default\" data-id=\"06d9802\" data-element_type=\"section\" data-e-type=\"section\" data-settings=\"{&quot;stretch_section&quot;:&quot;section-stretched&quot;}\">\n\t\t\t\t\t\t<div class=\"elementor-container elementor-column-gap-default\">\n\t\t\t\t\t<div class=\"elementor-column elementor-col-100 elementor-top-column elementor-element elementor-element-9240391\" data-id=\"9240391\" data-element_type=\"column\" data-e-type=\"column\" data-settings=\"{&quot;background_background&quot;:&quot;classic&quot;}\">\n\t\t\t<div class=\"elementor-widget-wrap elementor-element-populated\">\n\t\t\t\t\t\t<div class=\"elementor-element elementor-element-98a5f81 elementor-widget elementor-widget-text-editor\" data-id=\"98a5f81\" data-element_type=\"widget\" data-e-type=\"widget\" data-widget_type=\"text-editor.default\">\n\t\t\t\t<div class=\"elementor-widget-container\">\n\t\t\t\t\t\t\t\t\t<span style=\"text-align: center;\">SEaDIP &#8211; Superintend\u00eancia de Educa\u00e7\u00e3o \u00e0 Dist\u00e2ncia e Inova\u00e7\u00f5es Pedag\u00f3gicas<\/span>\n<br><span style=\"text-align: center;\">Pra\u00e7a Santos Andrade, 50 | Centro | CEP: 80.020-300 | Curitiba\/PR<\/span><br>\n<span style=\"text-align: center;\">Contato (Teams ou e-mail):\u00a0 seadip@ufpr.br<\/span>\t\t\t\t\t\t\t\t<\/div>\n\t\t\t\t<\/div>\n\t\t\t\t<div class=\"elementor-element elementor-element-75baf4f elementor-shape-circle elementor-grid-0 e-grid-align-center elementor-widget elementor-widget-social-icons\" data-id=\"75baf4f\" data-element_type=\"widget\" data-e-type=\"widget\" data-widget_type=\"social-icons.default\">\n\t\t\t\t<div class=\"elementor-widget-container\">\n\t\t\t\t\t\t\t<div class=\"elementor-social-icons-wrapper elementor-grid\" role=\"list\">\n\t\t\t\t\t\t\t<span class=\"elementor-grid-item\" role=\"listitem\">\n\t\t\t\t\t<a class=\"elementor-icon elementor-social-icon elementor-social-icon-instagram elementor-repeater-item-8904920\" href=\"https:\/\/www.instagram.com\/cipead\" target=\"_blank\">\n\t\t\t\t\t\t<span class=\"elementor-screen-only\">Instagram<\/span>\n\t\t\t\t\t\t<i aria-hidden=\"true\" class=\"fab fa-instagram\"><\/i>\t\t\t\t\t<\/a>\n\t\t\t\t<\/span>\n\t\t\t\t\t\t\t<span class=\"elementor-grid-item\" role=\"listitem\">\n\t\t\t\t\t<a class=\"elementor-icon elementor-social-icon elementor-social-icon-youtube elementor-repeater-item-10dbd68\" href=\"https:\/\/www.youtube.com\/channel\/UCpdgtJ711ZSg029yKwyjzhA\/featured\" target=\"_blank\">\n\t\t\t\t\t\t<span class=\"elementor-screen-only\">Youtube<\/span>\n\t\t\t\t\t\t<i aria-hidden=\"true\" class=\"fab fa-youtube\"><\/i>\t\t\t\t\t<\/a>\n\t\t\t\t<\/span>\n\t\t\t\t\t\t\t<span class=\"elementor-grid-item\" role=\"listitem\">\n\t\t\t\t\t<a class=\"elementor-icon elementor-social-icon elementor-social-icon-envelope elementor-repeater-item-47ed4f2\" href=\"http:\/\/cipead.ufpr.br\/\/index.php\/contato\/\">\n\t\t\t\t\t\t<span class=\"elementor-screen-only\">Envelope<\/span>\n\t\t\t\t\t\t<i aria-hidden=\"true\" class=\"fas fa-envelope\"><\/i>\t\t\t\t\t<\/a>\n\t\t\t\t<\/span>\n\t\t\t\t\t<\/div>\n\t\t\t\t\t\t<\/div>\n\t\t\t\t<\/div>\n\t\t\t\t\t<\/div>\n\t\t<\/div>\n\t\t\t\t\t<\/div>\n\t\t<\/section>\n\t\t\t\t<\/div>\n\t\t","protected":false},"excerpt":{"rendered":"<p>Prezado coordenador(a), Os cursos ofertados por meio do sistema UAB seguem as normativas da DED\/CAPES.\u00a0 Por isso, para auxili\u00e1-lo, disponibilizamos esse manual com informa\u00e7\u00f5es sobre a rotina de operacionaliza\u00e7\u00e3o de um curso ofertado pela UAB: como conduzir os processos de&#8230; <a href=\"https:\/\/cipead.ufpr.br\/index.php\/uab\/area-do-coordenador\/manual-do-coordenador\/\" class=\"readmore\">Leia mais&#8230;<span class=\"screen-reader-text\">MANUAL DO COORDENADOR<\/span><span class=\"fa fa-angle-double-right\" aria-hidden=\"true\"><\/span><\/a><\/p>\n","protected":false},"author":1,"featured_media":0,"parent":3965,"menu_order":0,"comment_status":"closed","ping_status":"closed","template":"template\/full-width.php","meta":{"_eb_attr":"","footnotes":""},"class_list":["post-169","page","type-page","status-publish","hentry"],"_links":{"self":[{"href":"https:\/\/cipead.ufpr.br\/index.php\/wp-json\/wp\/v2\/pages\/169","targetHints":{"allow":["GET"]}}],"collection":[{"href":"https:\/\/cipead.ufpr.br\/index.php\/wp-json\/wp\/v2\/pages"}],"about":[{"href":"https:\/\/cipead.ufpr.br\/index.php\/wp-json\/wp\/v2\/types\/page"}],"author":[{"embeddable":true,"href":"https:\/\/cipead.ufpr.br\/index.php\/wp-json\/wp\/v2\/users\/1"}],"replies":[{"embeddable":true,"href":"https:\/\/cipead.ufpr.br\/index.php\/wp-json\/wp\/v2\/comments?post=169"}],"version-history":[{"count":38,"href":"https:\/\/cipead.ufpr.br\/index.php\/wp-json\/wp\/v2\/pages\/169\/revisions"}],"predecessor-version":[{"id":9034,"href":"https:\/\/cipead.ufpr.br\/index.php\/wp-json\/wp\/v2\/pages\/169\/revisions\/9034"}],"up":[{"embeddable":true,"href":"https:\/\/cipead.ufpr.br\/index.php\/wp-json\/wp\/v2\/pages\/3965"}],"wp:attachment":[{"href":"https:\/\/cipead.ufpr.br\/index.php\/wp-json\/wp\/v2\/media?parent=169"}],"curies":[{"name":"wp","href":"https:\/\/api.w.org\/{rel}","templated":true}]}}