{"id":2326,"date":"2020-04-03T17:12:18","date_gmt":"2020-04-03T20:12:18","guid":{"rendered":"https:\/\/cipead.ufpr.br\/?page_id=2326"},"modified":"2025-04-02T13:22:06","modified_gmt":"2025-04-02T16:22:06","slug":"termos","status":"publish","type":"page","link":"https:\/\/cipead.ufpr.br\/index.php\/labcipead\/termos\/","title":{"rendered":"TERMOS"},"content":{"rendered":"\t\t<div data-elementor-type=\"wp-page\" data-elementor-id=\"2326\" class=\"elementor elementor-2326\">\n\t\t\t\t\t\t<section class=\"elementor-section elementor-top-section elementor-element elementor-element-e0dcc1f elementor-section-boxed elementor-section-height-default elementor-section-height-default\" data-id=\"e0dcc1f\" data-element_type=\"section\" data-e-type=\"section\">\n\t\t\t\t\t\t<div class=\"elementor-container elementor-column-gap-default\">\n\t\t\t\t\t<div class=\"elementor-column elementor-col-66 elementor-top-column elementor-element elementor-element-e04fa4d\" data-id=\"e04fa4d\" data-element_type=\"column\" data-e-type=\"column\">\n\t\t\t<div class=\"elementor-widget-wrap elementor-element-populated\">\n\t\t\t\t\t\t<div class=\"elementor-element elementor-element-9a2627f elementor-icon-list--layout-traditional elementor-list-item-link-full_width elementor-widget elementor-widget-icon-list\" data-id=\"9a2627f\" data-element_type=\"widget\" data-e-type=\"widget\" data-widget_type=\"icon-list.default\">\n\t\t\t\t<div class=\"elementor-widget-container\">\n\t\t\t\t\t\t\t<ul class=\"elementor-icon-list-items\">\n\t\t\t\t\t\t\t<li class=\"elementor-icon-list-item\">\n\t\t\t\t\t\t\t\t\t\t\t<a href=\"https:\/\/cipead.ufpr.br\/wp-content\/uploads\/2025\/04\/2025-1-Termo_de_Autorizacao_do_Autor_de_Direitos_Autorais.docx\">\n\n\t\t\t\t\t\t\t\t\t\t\t\t<span class=\"elementor-icon-list-icon\">\n\t\t\t\t\t\t\t<i aria-hidden=\"true\" class=\"fas fa-download\"><\/i>\t\t\t\t\t\t<\/span>\n\t\t\t\t\t\t\t\t\t\t<span class=\"elementor-icon-list-text\">1. TERMO DE AUTORIZA\u00c7\u00c3O DO AUTOR DE DIREITOS AUTORAIS (2025)<\/span>\n\t\t\t\t\t\t\t\t\t\t\t<\/a>\n\t\t\t\t\t\t\t\t\t<\/li>\n\t\t\t\t\t\t\t\t<li class=\"elementor-icon-list-item\">\n\t\t\t\t\t\t\t\t\t\t\t<a href=\"https:\/\/cipead.ufpr.br\/wp-content\/uploads\/2025\/04\/2025-2-Termo_de_Responsabilidades_do_Conteudista.docx\">\n\n\t\t\t\t\t\t\t\t\t\t\t\t<span class=\"elementor-icon-list-icon\">\n\t\t\t\t\t\t\t<i aria-hidden=\"true\" class=\"fas fa-download\"><\/i>\t\t\t\t\t\t<\/span>\n\t\t\t\t\t\t\t\t\t\t<span class=\"elementor-icon-list-text\">2. TERMO DE RESPONSABILIDADES DO CONTEUDISTA (2025)<\/span>\n\t\t\t\t\t\t\t\t\t\t\t<\/a>\n\t\t\t\t\t\t\t\t\t<\/li>\n\t\t\t\t\t\t\t\t<li class=\"elementor-icon-list-item\">\n\t\t\t\t\t\t\t\t\t\t\t<a href=\"https:\/\/cipead.ufpr.br\/wp-content\/uploads\/2025\/04\/2025-3-Termo_de_Cessao_de_Direito_de_Uso_de_Voz_e_Imagem.docx\">\n\n\t\t\t\t\t\t\t\t\t\t\t\t<span class=\"elementor-icon-list-icon\">\n\t\t\t\t\t\t\t<i aria-hidden=\"true\" class=\"fas fa-download\"><\/i>\t\t\t\t\t\t<\/span>\n\t\t\t\t\t\t\t\t\t\t<span class=\"elementor-icon-list-text\">3. TERMO DE CESS\u00c3O DE DIREITO DE USO DE IMAGEM E VOZ (2025)<\/span>\n\t\t\t\t\t\t\t\t\t\t\t<\/a>\n\t\t\t\t\t\t\t\t\t<\/li>\n\t\t\t\t\t\t<\/ul>\n\t\t\t\t\t\t<\/div>\n\t\t\t\t<\/div>\n\t\t\t\t\t<\/div>\n\t\t<\/div>\n\t\t\t\t<div class=\"elementor-column elementor-col-33 elementor-top-column elementor-element elementor-element-22d3a97\" data-id=\"22d3a97\" data-element_type=\"column\" data-e-type=\"column\">\n\t\t\t<div class=\"elementor-widget-wrap\">\n\t\t\t\t\t\t\t<\/div>\n\t\t<\/div>\n\t\t\t\t\t<\/div>\n\t\t<\/section>\n\t\t\t\t<section class=\"elementor-section elementor-top-section elementor-element elementor-element-700bd554 elementor-section-boxed elementor-section-height-default elementor-section-height-default\" data-id=\"700bd554\" data-element_type=\"section\" data-e-type=\"section\">\n\t\t\t\t\t\t<div class=\"elementor-container elementor-column-gap-default\">\n\t\t\t\t\t<div class=\"elementor-column elementor-col-100 elementor-top-column elementor-element elementor-element-31321d9\" data-id=\"31321d9\" data-element_type=\"column\" data-e-type=\"column\">\n\t\t\t<div class=\"elementor-widget-wrap elementor-element-populated\">\n\t\t\t\t\t\t<div class=\"elementor-element elementor-element-29288e85 elementor-widget elementor-widget-spacer\" data-id=\"29288e85\" data-element_type=\"widget\" data-e-type=\"widget\" data-widget_type=\"spacer.default\">\n\t\t\t\t<div class=\"elementor-widget-container\">\n\t\t\t\t\t\t\t<div class=\"elementor-spacer\">\n\t\t\t<div class=\"elementor-spacer-inner\"><\/div>\n\t\t<\/div>\n\t\t\t\t\t\t<\/div>\n\t\t\t\t<\/div>\n\t\t\t\t\t<\/div>\n\t\t<\/div>\n\t\t\t\t\t<\/div>\n\t\t<\/section>\n\t\t\t\t<section class=\"elementor-section elementor-top-section elementor-element elementor-element-1715953 elementor-section-stretched elementor-section-boxed elementor-section-height-default elementor-section-height-default\" data-id=\"1715953\" data-element_type=\"section\" data-e-type=\"section\" data-settings=\"{&quot;stretch_section&quot;:&quot;section-stretched&quot;}\">\n\t\t\t\t\t\t<div class=\"elementor-container elementor-column-gap-default\">\n\t\t\t\t\t<div class=\"elementor-column elementor-col-100 elementor-top-column elementor-element elementor-element-6ecf102\" data-id=\"6ecf102\" data-element_type=\"column\" data-e-type=\"column\" data-settings=\"{&quot;background_background&quot;:&quot;classic&quot;}\">\n\t\t\t<div class=\"elementor-widget-wrap elementor-element-populated\">\n\t\t\t\t\t\t<div class=\"elementor-element elementor-element-24e64cb elementor-widget elementor-widget-text-editor\" data-id=\"24e64cb\" data-element_type=\"widget\" data-e-type=\"widget\" data-widget_type=\"text-editor.default\">\n\t\t\t\t<div class=\"elementor-widget-container\">\n\t\t\t\t\t\t\t\t\t<span style=\"text-align: center;\">SEaDIP &#8211; Superintend\u00eancia de Educa\u00e7\u00e3o \u00e0 Dist\u00e2ncia e Inova\u00e7\u00f5es Pedag\u00f3gicas<\/span>\n<br><span style=\"text-align: center;\">Pra\u00e7a Santos Andrade, 50 | Centro | CEP: 80.020-300 | Curitiba\/PR<\/span><br>\n<span style=\"text-align: center;\">Contato (Teams ou e-mail):\u00a0 seadip@ufpr.br<\/span>\t\t\t\t\t\t\t\t<\/div>\n\t\t\t\t<\/div>\n\t\t\t\t<div class=\"elementor-element elementor-element-81d4d19 elementor-shape-circle elementor-grid-0 e-grid-align-center elementor-widget elementor-widget-social-icons\" data-id=\"81d4d19\" data-element_type=\"widget\" data-e-type=\"widget\" data-widget_type=\"social-icons.default\">\n\t\t\t\t<div class=\"elementor-widget-container\">\n\t\t\t\t\t\t\t<div class=\"elementor-social-icons-wrapper elementor-grid\" role=\"list\">\n\t\t\t\t\t\t\t<span class=\"elementor-grid-item\" role=\"listitem\">\n\t\t\t\t\t<a class=\"elementor-icon elementor-social-icon elementor-social-icon-instagram elementor-repeater-item-8904920\" href=\"https:\/\/www.instagram.com\/cipead\" target=\"_blank\">\n\t\t\t\t\t\t<span class=\"elementor-screen-only\">Instagram<\/span>\n\t\t\t\t\t\t<i aria-hidden=\"true\" class=\"fab fa-instagram\"><\/i>\t\t\t\t\t<\/a>\n\t\t\t\t<\/span>\n\t\t\t\t\t\t\t<span class=\"elementor-grid-item\" role=\"listitem\">\n\t\t\t\t\t<a class=\"elementor-icon elementor-social-icon elementor-social-icon-youtube elementor-repeater-item-10dbd68\" href=\"https:\/\/www.youtube.com\/channel\/UCpdgtJ711ZSg029yKwyjzhA\/featured\" target=\"_blank\">\n\t\t\t\t\t\t<span class=\"elementor-screen-only\">Youtube<\/span>\n\t\t\t\t\t\t<i aria-hidden=\"true\" class=\"fab fa-youtube\"><\/i>\t\t\t\t\t<\/a>\n\t\t\t\t<\/span>\n\t\t\t\t\t\t\t<span class=\"elementor-grid-item\" role=\"listitem\">\n\t\t\t\t\t<a class=\"elementor-icon elementor-social-icon elementor-social-icon-envelope elementor-repeater-item-47ed4f2\" href=\"http:\/\/cipead.ufpr.br\/\/index.php\/contato\/\">\n\t\t\t\t\t\t<span class=\"elementor-screen-only\">Envelope<\/span>\n\t\t\t\t\t\t<i aria-hidden=\"true\" class=\"fas fa-envelope\"><\/i>\t\t\t\t\t<\/a>\n\t\t\t\t<\/span>\n\t\t\t\t\t<\/div>\n\t\t\t\t\t\t<\/div>\n\t\t\t\t<\/div>\n\t\t\t\t\t<\/div>\n\t\t<\/div>\n\t\t\t\t\t<\/div>\n\t\t<\/section>\n\t\t\t\t<\/div>\n\t\t","protected":false},"excerpt":{"rendered":"<p>1. TERMO DE AUTORIZA\u00c7\u00c3O DO AUTOR DE DIREITOS AUTORAIS (2025) 2. TERMO DE RESPONSABILIDADES DO CONTEUDISTA (2025) 3. TERMO DE CESS\u00c3O DE DIREITO DE USO DE IMAGEM E VOZ (2025) SEaDIP &#8211; Superintend\u00eancia de Educa\u00e7\u00e3o \u00e0 Dist\u00e2ncia e Inova\u00e7\u00f5es Pedag\u00f3gicas&#8230; <a href=\"https:\/\/cipead.ufpr.br\/index.php\/labcipead\/termos\/\" class=\"readmore\">Leia mais&#8230;<span class=\"screen-reader-text\">TERMOS<\/span><span class=\"fa fa-angle-double-right\" aria-hidden=\"true\"><\/span><\/a><\/p>\n","protected":false},"author":1,"featured_media":0,"parent":145,"menu_order":0,"comment_status":"closed","ping_status":"closed","template":"","meta":{"_eb_attr":"","footnotes":""},"class_list":["post-2326","page","type-page","status-publish","hentry"],"_links":{"self":[{"href":"https:\/\/cipead.ufpr.br\/index.php\/wp-json\/wp\/v2\/pages\/2326","targetHints":{"allow":["GET"]}}],"collection":[{"href":"https:\/\/cipead.ufpr.br\/index.php\/wp-json\/wp\/v2\/pages"}],"about":[{"href":"https:\/\/cipead.ufpr.br\/index.php\/wp-json\/wp\/v2\/types\/page"}],"author":[{"embeddable":true,"href":"https:\/\/cipead.ufpr.br\/index.php\/wp-json\/wp\/v2\/users\/1"}],"replies":[{"embeddable":true,"href":"https:\/\/cipead.ufpr.br\/index.php\/wp-json\/wp\/v2\/comments?post=2326"}],"version-history":[{"count":15,"href":"https:\/\/cipead.ufpr.br\/index.php\/wp-json\/wp\/v2\/pages\/2326\/revisions"}],"predecessor-version":[{"id":9013,"href":"https:\/\/cipead.ufpr.br\/index.php\/wp-json\/wp\/v2\/pages\/2326\/revisions\/9013"}],"up":[{"embeddable":true,"href":"https:\/\/cipead.ufpr.br\/index.php\/wp-json\/wp\/v2\/pages\/145"}],"wp:attachment":[{"href":"https:\/\/cipead.ufpr.br\/index.php\/wp-json\/wp\/v2\/media?parent=2326"}],"curies":[{"name":"wp","href":"https:\/\/api.w.org\/{rel}","templated":true}]}}

<div data-elementor-type="wp-page" data-elementor-id="2326" class="elementor elementor-2326">
						<section class="elementor-section elementor-top-section elementor-element elementor-element-e0dcc1f elementor-section-boxed elementor-section-height-default elementor-section-height-default" data-id="e0dcc1f" data-element_type="section" data-e-type="section">
						<div class="elementor-container elementor-column-gap-default">
					<div class="elementor-column elementor-col-66 elementor-top-column elementor-element elementor-element-e04fa4d" data-id="e04fa4d" data-element_type="column" data-e-type="column">
			<div class="elementor-widget-wrap elementor-element-populated">
						<div class="elementor-element elementor-element-9a2627f elementor-icon-list--layout-traditional elementor-list-item-link-full_width elementor-widget elementor-widget-icon-list" data-id="9a2627f" data-element_type="widget" data-e-type="widget" data-widget_type="icon-list.default">
				<div class="elementor-widget-container">
							<ul class="elementor-icon-list-items">
							<li class="elementor-icon-list-item">
											<a href="https://cipead.ufpr.br/wp-content/uploads/2025/04/2025-1-Termo_de_Autorizacao_do_Autor_de_Direitos_Autorais.docx">

												<span class="elementor-icon-list-icon">
							<i aria-hidden="true" class="fas fa-download"></i>						</span>
										<span class="elementor-icon-list-text">1. TERMO DE AUTORIZAÇÃO DO AUTOR DE DIREITOS AUTORAIS (2025)</span>
											</a>
									</li>
								<li class="elementor-icon-list-item">
											<a href="https://cipead.ufpr.br/wp-content/uploads/2025/04/2025-2-Termo_de_Responsabilidades_do_Conteudista.docx">

												<span class="elementor-icon-list-icon">
							<i aria-hidden="true" class="fas fa-download"></i>						</span>
										<span class="elementor-icon-list-text">2. TERMO DE RESPONSABILIDADES DO CONTEUDISTA (2025)</span>
											</a>
									</li>
								<li class="elementor-icon-list-item">
											<a href="https://cipead.ufpr.br/wp-content/uploads/2025/04/2025-3-Termo_de_Cessao_de_Direito_de_Uso_de_Voz_e_Imagem.docx">

												<span class="elementor-icon-list-icon">
							<i aria-hidden="true" class="fas fa-download"></i>						</span>
										<span class="elementor-icon-list-text">3. TERMO DE CESSÃO DE DIREITO DE USO DE IMAGEM E VOZ (2025)</span>
											</a>
									</li>
						</ul>
						</div>
				</div>
					</div>
		</div>
				<div class="elementor-column elementor-col-33 elementor-top-column elementor-element elementor-element-22d3a97" data-id="22d3a97" data-element_type="column" data-e-type="column">
			<div class="elementor-widget-wrap">
							</div>
		</div>
					</div>
		</section>
				<section class="elementor-section elementor-top-section elementor-element elementor-element-700bd554 elementor-section-boxed elementor-section-height-default elementor-section-height-default" data-id="700bd554" data-element_type="section" data-e-type="section">
						<div class="elementor-container elementor-column-gap-default">
					<div class="elementor-column elementor-col-100 elementor-top-column elementor-element elementor-element-31321d9" data-id="31321d9" data-element_type="column" data-e-type="column">
			<div class="elementor-widget-wrap elementor-element-populated">
						<div class="elementor-element elementor-element-29288e85 elementor-widget elementor-widget-spacer" data-id="29288e85" data-element_type="widget" data-e-type="widget" data-widget_type="spacer.default">
				<div class="elementor-widget-container">
							<div class="elementor-spacer">
			<div class="elementor-spacer-inner"></div>
		</div>
						</div>
				</div>
					</div>
		</div>
					</div>
		</section>
				<section class="elementor-section elementor-top-section elementor-element elementor-element-1715953 elementor-section-stretched elementor-section-boxed elementor-section-height-default elementor-section-height-default" data-id="1715953" data-element_type="section" data-e-type="section" data-settings="{&quot;stretch_section&quot;:&quot;section-stretched&quot;}">
						<div class="elementor-container elementor-column-gap-default">
					<div class="elementor-column elementor-col-100 elementor-top-column elementor-element elementor-element-6ecf102" data-id="6ecf102" data-element_type="column" data-e-type="column" data-settings="{&quot;background_background&quot;:&quot;classic&quot;}">
			<div class="elementor-widget-wrap elementor-element-populated">
						<div class="elementor-element elementor-element-24e64cb elementor-widget elementor-widget-text-editor" data-id="24e64cb" data-element_type="widget" data-e-type="widget" data-widget_type="text-editor.default">
				<div class="elementor-widget-container">
									<span style="text-align: center;">SEaDIP &#8211; Superintendência de Educação à Distância e Inovações Pedagógicas</span>
<br><span style="text-align: center;">Praça Santos Andrade, 50 | Centro | CEP: 80.020-300 | Curitiba/PR</span><br>
<span style="text-align: center;">Contato (Teams ou e-mail):  seadip@ufpr.br</span>								</div>
				</div>
				<div class="elementor-element elementor-element-81d4d19 elementor-shape-circle elementor-grid-0 e-grid-align-center elementor-widget elementor-widget-social-icons" data-id="81d4d19" data-element_type="widget" data-e-type="widget" data-widget_type="social-icons.default">
				<div class="elementor-widget-container">
							<div class="elementor-social-icons-wrapper elementor-grid" role="list">
							<span class="elementor-grid-item" role="listitem">
					<a class="elementor-icon elementor-social-icon elementor-social-icon-instagram elementor-repeater-item-8904920" href="https://www.instagram.com/cipead" target="_blank">
						<span class="elementor-screen-only">Instagram</span>
						<i aria-hidden="true" class="fab fa-instagram"></i>					</a>
				</span>
							<span class="elementor-grid-item" role="listitem">
					<a class="elementor-icon elementor-social-icon elementor-social-icon-youtube elementor-repeater-item-10dbd68" href="https://www.youtube.com/channel/UCpdgtJ711ZSg029yKwyjzhA/featured" target="_blank">
						<span class="elementor-screen-only">Youtube</span>
						<i aria-hidden="true" class="fab fa-youtube"></i>					</a>
				</span>
							<span class="elementor-grid-item" role="listitem">
					<a class="elementor-icon elementor-social-icon elementor-social-icon-envelope elementor-repeater-item-47ed4f2" href="http://cipead.ufpr.br//index.php/contato/">
						<span class="elementor-screen-only">Envelope</span>
						<i aria-hidden="true" class="fas fa-envelope"></i>					</a>
				</span>
					</div>
						</div>
				</div>
					</div>
		</div>
					</div>
		</section>
				</div>

<p>1. TERMO DE AUTORIZAÇÃO DO AUTOR DE DIREITOS AUTORAIS (2025) 2. TERMO DE RESPONSABILIDADES DO CONTEUDISTA (2025) 3. TERMO DE CESSÃO DE DIREITO DE USO DE IMAGEM E VOZ (2025) SEaDIP &#8211; Superintendência de Educação à Distância e Inovações Pedagógicas&#8230; <a href="https://cipead.ufpr.br/index.php/labcipead/termos/" class="readmore">Leia mais&#8230;<span class="screen-reader-text">TERMOS</span><span class="fa fa-angle-double-right" aria-hidden="true"></span></a></p>
