{"id":38,"date":"2019-09-23T16:51:33","date_gmt":"2019-09-23T19:51:33","guid":{"rendered":"https:\/\/cipead.ufpr.br\/?page_id=38"},"modified":"2025-04-02T11:53:41","modified_gmt":"2025-04-02T14:53:41","slug":"historico","status":"publish","type":"page","link":"https:\/\/cipead.ufpr.br\/index.php\/historico\/","title":{"rendered":"HIST\u00d3RICO"},"content":{"rendered":"\t\t<div data-elementor-type=\"wp-post\" data-elementor-id=\"38\" class=\"elementor elementor-38\">\n\t\t\t\t\t\t<section class=\"elementor-section elementor-top-section elementor-element elementor-element-9ddc593 elementor-section-boxed elementor-section-height-default elementor-section-height-default\" data-id=\"9ddc593\" data-element_type=\"section\" data-e-type=\"section\">\n\t\t\t\t\t\t<div class=\"elementor-container elementor-column-gap-default\">\n\t\t\t\t\t<div class=\"elementor-column elementor-col-66 elementor-top-column elementor-element elementor-element-71f2499\" data-id=\"71f2499\" data-element_type=\"column\" data-e-type=\"column\">\n\t\t\t<div class=\"elementor-widget-wrap elementor-element-populated\">\n\t\t\t\t\t\t<div class=\"elementor-element elementor-element-9e5b866 elementor-widget elementor-widget-shortcode\" data-id=\"9e5b866\" data-element_type=\"widget\" data-e-type=\"widget\" data-widget_type=\"shortcode.default\">\n\t\t\t\t<div class=\"elementor-widget-container\">\n\t\t\t\t\t\t\t<div class=\"elementor-shortcode\">\t\t<div class=\"wpostahs-slider-wrp \" data-conf=\"{&quot;dots&quot;:&quot;true&quot;,&quot;arrows&quot;:&quot;true&quot;,&quot;loop&quot;:&quot;true&quot;,&quot;autoplay&quot;:&quot;true&quot;,&quot;autoplayInterval&quot;:3000,&quot;speed&quot;:300,&quot;fade&quot;:&quot;false&quot;,&quot;rtl&quot;:&quot;false&quot;,&quot;centermode&quot;:&quot;false&quot;,&quot;slidestoshow&quot;:3,&quot;lazyload&quot;:&quot;&quot;}\">\r\n\t\t\t<div class=\"wpostahs-slider wpostahs-slider-inner-wrp wpostahs-slider-design-1\">\r\n\t\t\t\t\n<div id=\"wpostahs-slider-nav-1\" class=\"wpostahs-slider-nav-1 wpostahs-slider-nav wpostahs-slick-slider\" data-slider-nav-for='wpostahs-slider-for-1'>\n\t\n\t\t<div class=\"wpostahs-slider-nav-title\">\n\t\t\t<div class=\"wpostahs-main-title\">\n\t\t\t1912\t\t\t<\/div>\n\t\t<\/div>\n\t\n\t\t<div class=\"wpostahs-slider-nav-title\">\n\t\t\t<div class=\"wpostahs-main-title\">\n\t\t\t1950\t\t\t<\/div>\n\t\t<\/div>\n\t\n\t\t<div class=\"wpostahs-slider-nav-title\">\n\t\t\t<div class=\"wpostahs-main-title\">\n\t\t\t1998\t\t\t<\/div>\n\t\t<\/div>\n\t\n\t\t<div class=\"wpostahs-slider-nav-title\">\n\t\t\t<div class=\"wpostahs-main-title\">\n\t\t\t1999\t\t\t<\/div>\n\t\t<\/div>\n\t\n\t\t<div class=\"wpostahs-slider-nav-title\">\n\t\t\t<div class=\"wpostahs-main-title\">\n\t\t\t1999\t\t\t<\/div>\n\t\t<\/div>\n\t\n\t\t<div class=\"wpostahs-slider-nav-title\">\n\t\t\t<div class=\"wpostahs-main-title\">\n\t\t\t2000\t\t\t<\/div>\n\t\t<\/div>\n\t\n\t\t<div class=\"wpostahs-slider-nav-title\">\n\t\t\t<div class=\"wpostahs-main-title\">\n\t\t\t2000\t\t\t<\/div>\n\t\t<\/div>\n\t\n\t\t<div class=\"wpostahs-slider-nav-title\">\n\t\t\t<div class=\"wpostahs-main-title\">\n\t\t\t2003\t\t\t<\/div>\n\t\t<\/div>\n\t\n\t\t<div class=\"wpostahs-slider-nav-title\">\n\t\t\t<div class=\"wpostahs-main-title\">\n\t\t\t2006\t\t\t<\/div>\n\t\t<\/div>\n\t\n\t\t<div class=\"wpostahs-slider-nav-title\">\n\t\t\t<div class=\"wpostahs-main-title\">\n\t\t\t2015\t\t\t<\/div>\n\t\t<\/div>\n\t\n\t\t<div class=\"wpostahs-slider-nav-title\">\n\t\t\t<div class=\"wpostahs-main-title\">\n\t\t\t2017\t\t\t<\/div>\n\t\t<\/div>\n\t\n\t\t<div class=\"wpostahs-slider-nav-title\">\n\t\t\t<div class=\"wpostahs-main-title\">\n\t\t\t2019\t\t\t<\/div>\n\t\t<\/div>\n\t<\/div>\n\n<div class=\"wpostahs-slider-for-1 wpostahs-slider-for wpostahs-slick-slider\">\n\t\t\t<div class=\"wpostahs-slider-nav-content\">\n\t\t\t<h2 class=\"wpostahs-centent-title\">1912<\/h2>\n\t\t\t<div class=\"wpostahs-centent\">\n\t\t\t\t<h2><span style=\"color: #00afdc;\"><strong>CRIA\u00c7\u00c3O DA UFPR<\/strong><\/span><\/h2>\n\t\t\t<\/div>\n\t\t<\/div>\n\t\t\t<div class=\"wpostahs-slider-nav-content\">\n\t\t\t<h2 class=\"wpostahs-centent-title\">1950<\/h2>\n\t\t\t<div class=\"wpostahs-centent\">\n\t\t\t\t<h2><span style=\"color: #00afdc;\"><strong>PROCESSO DE FEDERALIZA\u00c7\u00c3O<\/strong><\/span><\/h2>\n\t\t\t<\/div>\n\t\t<\/div>\n\t\t\t<div class=\"wpostahs-slider-nav-content\">\n\t\t\t<h2 class=\"wpostahs-centent-title\">1998<\/h2>\n\t\t\t<div class=\"wpostahs-centent\">\n\t\t\t\t<h2><span style=\"color: #00afdc;\"><strong>CONSTITU\u00cdDA COMISS\u00c3O PARA ELABORAR PROPOSTA DE EAD NA UFPR<\/strong><\/span><\/h2>\n<p>Publica\u00e7\u00e3o da\u00a0<strong><span style=\"color: #00afdc;\"><a style=\"color: #00afdc;\" href=\"https:\/\/cipead.ufpr.br\/portal\/ufpr-hibrida\/wp-content\/uploads\/sites\/3\/2018\/08\/Portaria-270-98.pdf\">Portaria n\u00ba 270\/98\u00a0<\/a><\/span><\/strong>que constitui Comiss\u00e3o para elaborar proposta e delinear as Pol\u00edticas de Ensino a Dist\u00e2ncia da UFPR.<\/p>\n\t\t\t<\/div>\n\t\t<\/div>\n\t\t\t<div class=\"wpostahs-slider-nav-content\">\n\t\t\t<h2 class=\"wpostahs-centent-title\">1999<\/h2>\n\t\t\t<div class=\"wpostahs-centent\">\n\t\t\t\t<h2><span style=\"color: #00afdc;\"><strong>INSTITUCIONALIZA\u00c7\u00c3O DO ENSINO DE EDUCA\u00c7\u00c3O A DIST\u00c2NCIA NA UFPR<\/strong><\/span><\/h2>\n<p>Publica\u00e7\u00e3o da\u00a0<span style=\"color: #00afdc;\"><strong><a style=\"color: #00afdc;\" href=\"https:\/\/cipead.ufpr.br\/portal\/ufpr-hibrida\/wp-content\/uploads\/sites\/3\/2018\/07\/Resolucao-002-99.pdf\" target=\"_blank\" rel=\"noopener noreferrer\">Resolu\u00e7\u00e3o 002\/99 &#8211; COUN<\/a><\/strong><\/span> que aprova a institucionaliza\u00e7\u00e3o do Ensino de Educa\u00e7\u00e3o a Dist\u00e2ncia na UFPR e a cria\u00e7\u00e3o do N\u00facleo de Educa\u00e7\u00e3o a Dist\u00e2ncia &#8211; NEAD.<\/p>\n\t\t\t<\/div>\n\t\t<\/div>\n\t\t\t<div class=\"wpostahs-slider-nav-content\">\n\t\t\t<h2 class=\"wpostahs-centent-title\">1999<\/h2>\n\t\t\t<div class=\"wpostahs-centent\">\n\t\t\t\t<h2><span style=\"color: #00afdc;\"><strong>PRIMEIRA COMPOSI\u00c7\u00c3O DO NEAD<\/strong><\/span><\/h2>\n<p>Publicado a\u00a0<a href=\"https:\/\/cipead.ufpr.br\/portal\/ufpr-hibrida\/wp-content\/uploads\/sites\/3\/2018\/08\/Portaria-370-99.pdf\" target=\"_blank\" rel=\"noopener noreferrer\"><span style=\"color: #00afdc;\"><strong>Portaria n\u00ba 370-99\u00a0<\/strong><\/span><\/a> designando os professores que compuseram o N\u00facleo de Educa\u00e7\u00e3o a Dist\u00e2ncia.<\/p>\n\t\t\t<\/div>\n\t\t<\/div>\n\t\t\t<div class=\"wpostahs-slider-nav-content\">\n\t\t\t<h2 class=\"wpostahs-centent-title\">2000<\/h2>\n\t\t\t<div class=\"wpostahs-centent\">\n\t\t\t\t<h2><span style=\"color: #00afdc;\"><strong>PARECER CES N\u00ba 358\/2000<\/strong><\/span><\/h2>\n<p>Publica\u00e7\u00e3o do\u00a0<strong><span style=\"color: #00afdc;\"><a style=\"color: #00afdc;\" href=\"http:\/\/portal.mec.gov.br\/cne\/arquivos\/pdf\/2000\/pces358_00.pdf\">Parecer CES n\u00ba 358\/2000<\/a><\/span><\/strong>\u00a0autorizando\u00a0ofertas de EaD na gradua\u00e7\u00e3o &#8211; ensino profissionalizante.<\/p>\n\t\t\t<\/div>\n\t\t<\/div>\n\t\t\t<div class=\"wpostahs-slider-nav-content\">\n\t\t\t<h2 class=\"wpostahs-centent-title\">2000<\/h2>\n\t\t\t<div class=\"wpostahs-centent\">\n\t\t\t\t<h2><span style=\"color: #00afdc;\"><strong>REGULAMENTA\u00c7\u00c3O DA OFERTA DE GRADUA\u00c7\u00d5ES A DIST\u00c2NCIA NA UFPR<\/strong><\/span><\/h2>\n<p>Publica\u00e7\u00e3o da\u00a0<strong><span style=\"color: #00afdc;\"><a style=\"color: #00afdc;\" href=\"http:\/\/www.soc.ufpr.br\/portal\/wp-content\/uploads\/2016\/07\/resolucao_cepe_14042000-63.pdf\">RESOLU\u00c7\u00c3O N\u00ba 18\/00 &#8211; CEPE<\/a>\u00a0<\/span><\/strong> que aprova as normas b\u00e1sicas da atividade acad\u00eamica dos\u00a0Cursos de Gradua\u00e7\u00e3o na modalidade de Educa\u00e7\u00e3o\u00a0a Dist\u00e2ncia da Universidade Federal do Paran\u00e1. Atualiza\u00e7\u00e3o destas normas pela\u00a0<strong><span style=\"color: #00afdc;\"><a style=\"color: #00afdc;\" href=\"http:\/\/www.soc.ufpr.br\/portal\/wp-content\/uploads\/2016\/07\/resolucao_cepe_15072008-294.pdf\">Resolu\u00e7\u00e3o n\u00ba 29\/08 &#8211; CEPE<\/a><\/span><\/strong> e\u00a0<a href=\"http:\/\/www.soc.ufpr.br\/portal\/wp-content\/uploads\/2016\/07\/resolucao_cepe_18122008-344.pdf\"><strong><span style=\"color: #00afdc;\">Resolu\u00e7\u00e3o vigente n\u00ba 83\/08 &#8211; CEPE<\/span><\/strong><\/a><strong><span style=\"color: #00afdc;\">.<\/span><\/strong><\/p>\n\t\t\t<\/div>\n\t\t<\/div>\n\t\t\t<div class=\"wpostahs-slider-nav-content\">\n\t\t\t<h2 class=\"wpostahs-centent-title\">2003<\/h2>\n\t\t\t<div class=\"wpostahs-centent\">\n\t\t\t\t<h2><strong><span style=\"color: #00afdc;\">REGIMENTO INTERNO DO NEAD<\/span><\/strong><\/h2>\n<p>Publicada a\u00a0<span style=\"color: #00afdc;\"><strong><a style=\"color: #00afdc;\" href=\"http:\/\/www.soc.ufpr.br\/portal\/wp-content\/uploads\/2016\/07\/resolucao_coun_21052003-116.pdf\">Resolu\u00e7\u00e3o n\u00ba 08\/03 &#8211; COUN<\/a>\u00a0<\/strong><\/span>que\u00a0Estabelece o Regimento Interno do N\u00facleo de\u00a0Educa\u00e7\u00e3o a Dist\u00e2ncia (NEAD) da Universidade Federal do Paran\u00e1.<\/p>\n\t\t\t<\/div>\n\t\t<\/div>\n\t\t\t<div class=\"wpostahs-slider-nav-content\">\n\t\t\t<h2 class=\"wpostahs-centent-title\">2006<\/h2>\n\t\t\t<div class=\"wpostahs-centent\">\n\t\t\t\t<h2><strong><span style=\"color: #00afdc;\">IN\u00cdCIO DAS ATIVIDADES UAB<\/span><\/strong><\/h2>\n\t\t\t<\/div>\n\t\t<\/div>\n\t\t\t<div class=\"wpostahs-slider-nav-content\">\n\t\t\t<h2 class=\"wpostahs-centent-title\">2015<\/h2>\n\t\t\t<div class=\"wpostahs-centent\">\n\t\t\t\t<h2><strong><span style=\"color: #00afdc;\">CURSO DE PEDAGOGIA EAD<\/span><\/strong><\/h2>\n<p>Oferta do curso de gradua\u00e7\u00e3o em Pedagogia em conv\u00eanio com a prefeitura de Curitiba.<\/p>\n\t\t\t<\/div>\n\t\t<\/div>\n\t\t\t<div class=\"wpostahs-slider-nav-content\">\n\t\t\t<h2 class=\"wpostahs-centent-title\">2017<\/h2>\n\t\t\t<div class=\"wpostahs-centent\">\n\t\t\t\t<h2><span style=\"color: #00afdc;\"><strong>UFPR H\u00cdBRIDA<\/strong><\/span><\/h2>\n\t\t\t<\/div>\n\t\t<\/div>\n\t\t\t<div class=\"wpostahs-slider-nav-content\">\n\t\t\t<h2 class=\"wpostahs-centent-title\">2019<\/h2>\n\t\t\t<div class=\"wpostahs-centent\">\n\t\t\t\t<h2><strong><span style=\"color: #00afdc;\">PROJETO TERRA ROXA<\/span><\/strong><\/h2>\n<p>Conjunto de a\u00e7\u00f5es que integram o processo de institucionaliza\u00e7\u00e3o da UFPR.<\/p>\n\t\t\t<\/div>\n\t\t<\/div>\n\t<\/div><!-- #post-## -->\t\t\t<\/div>\r\n\t\t<\/div>\r\n\t\t <\/div>\n\t\t\t\t\t\t<\/div>\n\t\t\t\t<\/div>\n\t\t\t\t<div class=\"elementor-element elementor-element-b8b71a7 elementor-widget elementor-widget-text-editor\" data-id=\"b8b71a7\" data-element_type=\"widget\" data-e-type=\"widget\" data-widget_type=\"text-editor.default\">\n\t\t\t\t<div class=\"elementor-widget-container\">\n\t\t\t\t\t\t\t\t\t<p align=\"justify\"><span style=\"color: #000000;\">Na UFPR, a EaD tem uma trajet\u00f3ria j\u00e1 consolidada. Em 2000, a portaria do CES 235\/2000 autorizou a oferta de cursos de gradua\u00e7\u00e3o e profissionalizantes na modalidade EaD. Desde ent\u00e3o, em parceria com o programa UAB \u2013 Universidade Aberta do Brasil \u2013 s\u00e3o ofertados cursos de gradua\u00e7\u00e3o, especializa\u00e7\u00e3o e aperfei\u00e7oamento.<\/span><\/p><p align=\"justify\"><span style=\"color: #000000;\">Em 2010, a resolu\u00e7\u00e3o do CEPE 72\/10 passou a regulamentar a oferta de carga hor\u00e1ria EaD em cursos presenciais. Essa resolu\u00e7\u00e3o ficou conhecida durante muito tempo como a \u201cresolu\u00e7\u00e3o dos 20%\u201d. Isso porque a carga hor\u00e1ria referente ao ensino a dist\u00e2ncia deveria corresponder a no m\u00e1ximo 20% do total do curso.<\/span><\/p><p align=\"justify\"><span style=\"color: #000000;\">De 2013 a 2016 houve um acompanhamento da CIPEAD no intuito de acompanhar o processo de implanta\u00e7\u00e3o dessa carga hor\u00e1ria a dist\u00e2ncia nos diversos cursos de gradua\u00e7\u00e3o.<\/span><\/p><p align=\"justify\"><span style=\"color: #000000;\">Em 2017, acompanhando o fluxo de reformas curriculares trazido pela resolu\u00e7\u00e3o do CNE 02\/15, a CIPEAD lan\u00e7a o projeto\u00a0<strong><b>UFPR H\u00cdBRIDA<\/b><\/strong>\u00a0com o objetivo de consolidar o apoio aos cursos e professores que desejam inserir o uso de tecnologias e de outros ambientes de aprendizagem al\u00e9m do espa\u00e7o f\u00edsico tradicional da sala de aula.<\/span><\/p><p align=\"justify\"><span style=\"color: #000000;\">Trata-se de uma iniciativa que se ampara em um cen\u00e1rio de uso intenso de tecnologias que, entende-se, podem fortalecer e consolidar metodologias de ensino ativas. Al\u00e9m de apresentar informa\u00e7\u00f5es sobre as quest\u00f5es burocr\u00e1ticas e institucionais que permeiam a implanta\u00e7\u00e3o da educa\u00e7\u00e3o h\u00edbrida, esse projeto tamb\u00e9m busca oferecer cursos de forma\u00e7\u00e3o para a comunidade docente que possam auxiliar no uso do ambiente virtual de aprendizagem da UFPR \u2013 o AVA.<\/span><\/p><p align=\"justify\"><span style=\"color: #000000;\">Em 2019, foi lan\u00e7ado o Projeto Terra Roxa. Trata-se de um conjunto de a\u00e7\u00f5es que integram o processo de institucionaliza\u00e7\u00e3o da EaD na UFPR. Essa iniciativa abre passo para a cria\u00e7\u00e3o dos NTEs \u2013 N\u00facleos de Tecnologias Educacionais \u2013 nos diversos setores que v\u00e3o possibilitar a cria\u00e7\u00e3o e implementa\u00e7\u00e3o de diversas pol\u00edticas envolvendo a EaD e as tecnologias educacionais.<\/span><\/p>\t\t\t\t\t\t\t\t<\/div>\n\t\t\t\t<\/div>\n\t\t\t\t\t<\/div>\n\t\t<\/div>\n\t\t\t\t<div class=\"elementor-column elementor-col-33 elementor-top-column elementor-element elementor-element-7591832\" data-id=\"7591832\" data-element_type=\"column\" data-e-type=\"column\">\n\t\t\t<div class=\"elementor-widget-wrap\">\n\t\t\t\t\t\t\t<\/div>\n\t\t<\/div>\n\t\t\t\t\t<\/div>\n\t\t<\/section>\n\t\t\t\t<section class=\"elementor-section elementor-top-section elementor-element elementor-element-6545dfac elementor-section-boxed elementor-section-height-default elementor-section-height-default\" data-id=\"6545dfac\" data-element_type=\"section\" data-e-type=\"section\">\n\t\t\t\t\t\t<div class=\"elementor-container elementor-column-gap-default\">\n\t\t\t\t\t<div class=\"elementor-column elementor-col-100 elementor-top-column elementor-element elementor-element-23d6652\" data-id=\"23d6652\" data-element_type=\"column\" data-e-type=\"column\">\n\t\t\t<div class=\"elementor-widget-wrap elementor-element-populated\">\n\t\t\t\t\t\t<div class=\"elementor-element elementor-element-3a519827 elementor-widget elementor-widget-spacer\" data-id=\"3a519827\" data-element_type=\"widget\" data-e-type=\"widget\" data-widget_type=\"spacer.default\">\n\t\t\t\t<div class=\"elementor-widget-container\">\n\t\t\t\t\t\t\t<div class=\"elementor-spacer\">\n\t\t\t<div class=\"elementor-spacer-inner\"><\/div>\n\t\t<\/div>\n\t\t\t\t\t\t<\/div>\n\t\t\t\t<\/div>\n\t\t\t\t\t<\/div>\n\t\t<\/div>\n\t\t\t\t\t<\/div>\n\t\t<\/section>\n\t\t\t\t<section class=\"elementor-section elementor-top-section elementor-element elementor-element-92c2691 elementor-section-stretched elementor-section-boxed elementor-section-height-default elementor-section-height-default\" data-id=\"92c2691\" data-element_type=\"section\" data-e-type=\"section\" data-settings=\"{&quot;stretch_section&quot;:&quot;section-stretched&quot;}\">\n\t\t\t\t\t\t<div class=\"elementor-container elementor-column-gap-default\">\n\t\t\t\t\t<div class=\"elementor-column elementor-col-100 elementor-top-column elementor-element elementor-element-65ea063\" data-id=\"65ea063\" data-element_type=\"column\" data-e-type=\"column\" data-settings=\"{&quot;background_background&quot;:&quot;classic&quot;}\">\n\t\t\t<div class=\"elementor-widget-wrap elementor-element-populated\">\n\t\t\t\t\t\t<div class=\"elementor-element elementor-element-b6529e8 elementor-widget elementor-widget-text-editor\" data-id=\"b6529e8\" data-element_type=\"widget\" data-e-type=\"widget\" data-widget_type=\"text-editor.default\">\n\t\t\t\t<div class=\"elementor-widget-container\">\n\t\t\t\t\t\t\t\t\t<span style=\"text-align: center;\">SEaDIP &#8211; Superintend\u00eancia de Educa\u00e7\u00e3o \u00e0 Dist\u00e2ncia e Inova\u00e7\u00f5es Pedag\u00f3gicas<\/span>\n<br><span style=\"text-align: center;\">Pra\u00e7a Santos Andrade, 50 | Centro | CEP: 80.020-300 | Curitiba\/PR<\/span><br>\n<span style=\"text-align: center;\">Contato (Teams ou e-mail):\u00a0 seadip@ufpr.br<\/span>\t\t\t\t\t\t\t\t<\/div>\n\t\t\t\t<\/div>\n\t\t\t\t<div class=\"elementor-element elementor-element-d1afd00 elementor-shape-circle elementor-grid-0 e-grid-align-center elementor-widget elementor-widget-social-icons\" data-id=\"d1afd00\" data-element_type=\"widget\" data-e-type=\"widget\" data-widget_type=\"social-icons.default\">\n\t\t\t\t<div class=\"elementor-widget-container\">\n\t\t\t\t\t\t\t<div class=\"elementor-social-icons-wrapper elementor-grid\" role=\"list\">\n\t\t\t\t\t\t\t<span class=\"elementor-grid-item\" role=\"listitem\">\n\t\t\t\t\t<a class=\"elementor-icon elementor-social-icon elementor-social-icon-instagram elementor-repeater-item-8904920\" href=\"https:\/\/www.instagram.com\/cipead\" target=\"_blank\">\n\t\t\t\t\t\t<span class=\"elementor-screen-only\">Instagram<\/span>\n\t\t\t\t\t\t<i aria-hidden=\"true\" class=\"fab fa-instagram\"><\/i>\t\t\t\t\t<\/a>\n\t\t\t\t<\/span>\n\t\t\t\t\t\t\t<span class=\"elementor-grid-item\" role=\"listitem\">\n\t\t\t\t\t<a class=\"elementor-icon elementor-social-icon elementor-social-icon-youtube elementor-repeater-item-10dbd68\" href=\"https:\/\/www.youtube.com\/channel\/UCpdgtJ711ZSg029yKwyjzhA\/featured\" target=\"_blank\">\n\t\t\t\t\t\t<span class=\"elementor-screen-only\">Youtube<\/span>\n\t\t\t\t\t\t<i aria-hidden=\"true\" class=\"fab fa-youtube\"><\/i>\t\t\t\t\t<\/a>\n\t\t\t\t<\/span>\n\t\t\t\t\t\t\t<span class=\"elementor-grid-item\" role=\"listitem\">\n\t\t\t\t\t<a class=\"elementor-icon elementor-social-icon elementor-social-icon-envelope elementor-repeater-item-47ed4f2\" href=\"http:\/\/cipead.ufpr.br\/\/index.php\/contato\/\">\n\t\t\t\t\t\t<span class=\"elementor-screen-only\">Envelope<\/span>\n\t\t\t\t\t\t<i aria-hidden=\"true\" class=\"fas fa-envelope\"><\/i>\t\t\t\t\t<\/a>\n\t\t\t\t<\/span>\n\t\t\t\t\t<\/div>\n\t\t\t\t\t\t<\/div>\n\t\t\t\t<\/div>\n\t\t\t\t\t<\/div>\n\t\t<\/div>\n\t\t\t\t\t<\/div>\n\t\t<\/section>\n\t\t\t\t<\/div>\n\t\t","protected":false},"excerpt":{"rendered":"<p>Na UFPR, a EaD tem uma trajet\u00f3ria j\u00e1 consolidada. Em 2000, a portaria do CES 235\/2000 autorizou a oferta de cursos de gradua\u00e7\u00e3o e profissionalizantes na modalidade EaD. Desde ent\u00e3o, em parceria com o programa UAB \u2013 Universidade Aberta do&#8230; <a href=\"https:\/\/cipead.ufpr.br\/index.php\/timeline_slider_post\/2019\/\" class=\"readmore\">Leia mais&#8230;<span class=\"screen-reader-text\">2019<\/span><span class=\"fa fa-angle-double-right\" aria-hidden=\"true\"><\/span><\/a><\/p>\n","protected":false},"author":1,"featured_media":0,"parent":0,"menu_order":0,"comment_status":"closed","ping_status":"closed","template":"template\/full-width.php","meta":{"_eb_attr":"","footnotes":""},"class_list":["post-38","page","type-page","status-publish","hentry"],"_links":{"self":[{"href":"https:\/\/cipead.ufpr.br\/index.php\/wp-json\/wp\/v2\/pages\/38","targetHints":{"allow":["GET"]}}],"collection":[{"href":"https:\/\/cipead.ufpr.br\/index.php\/wp-json\/wp\/v2\/pages"}],"about":[{"href":"https:\/\/cipead.ufpr.br\/index.php\/wp-json\/wp\/v2\/types\/page"}],"author":[{"embeddable":true,"href":"https:\/\/cipead.ufpr.br\/index.php\/wp-json\/wp\/v2\/users\/1"}],"replies":[{"embeddable":true,"href":"https:\/\/cipead.ufpr.br\/index.php\/wp-json\/wp\/v2\/comments?post=38"}],"version-history":[{"count":22,"href":"https:\/\/cipead.ufpr.br\/index.php\/wp-json\/wp\/v2\/pages\/38\/revisions"}],"predecessor-version":[{"id":8948,"href":"https:\/\/cipead.ufpr.br\/index.php\/wp-json\/wp\/v2\/pages\/38\/revisions\/8948"}],"wp:attachment":[{"href":"https:\/\/cipead.ufpr.br\/index.php\/wp-json\/wp\/v2\/media?parent=38"}],"curies":[{"name":"wp","href":"https:\/\/api.w.org\/{rel}","templated":true}]}}