{"id":8329,"date":"2025-03-07T09:39:49","date_gmt":"2025-03-07T12:39:49","guid":{"rendered":"https:\/\/cipead.ufpr.br\/?page_id=8329"},"modified":"2025-05-20T16:42:30","modified_gmt":"2025-05-20T19:42:30","slug":"legislacao-nacional","status":"publish","type":"page","link":"https:\/\/cipead.ufpr.br\/index.php\/legislacao-nacional\/","title":{"rendered":"LEGISLA\u00c7\u00c3O NACIONAL"},"content":{"rendered":"\t\t<div data-elementor-type=\"wp-page\" data-elementor-id=\"8329\" class=\"elementor elementor-8329\">\n\t\t\t\t\t\t<section class=\"elementor-section elementor-top-section elementor-element elementor-element-2d9a166 elementor-section-boxed elementor-section-height-default elementor-section-height-default\" data-id=\"2d9a166\" data-element_type=\"section\" data-e-type=\"section\">\n\t\t\t\t\t\t<div class=\"elementor-container elementor-column-gap-default\">\n\t\t\t\t\t<div class=\"elementor-column elementor-col-100 elementor-top-column elementor-element elementor-element-06c987d\" data-id=\"06c987d\" data-element_type=\"column\" data-e-type=\"column\">\n\t\t\t<div class=\"elementor-widget-wrap elementor-element-populated\">\n\t\t\t\t\t\t<div class=\"elementor-element elementor-element-98682a4 elementor-widget elementor-widget-text-editor\" data-id=\"98682a4\" data-element_type=\"widget\" data-e-type=\"widget\" data-widget_type=\"text-editor.default\">\n\t\t\t\t<div class=\"elementor-widget-container\">\n\t\t\t\t\t\t\t\t\t<p>\u00faltima atualiza\u00e7\u00e3o: 20\/05\/2025<\/p>\t\t\t\t\t\t\t\t<\/div>\n\t\t\t\t<\/div>\n\t\t\t\t<div class=\"elementor-element elementor-element-57c47ef elementor-widget elementor-widget-text-editor\" data-id=\"57c47ef\" data-element_type=\"widget\" data-e-type=\"widget\" data-widget_type=\"text-editor.default\">\n\t\t\t\t<div class=\"elementor-widget-container\">\n\t\t\t\t\t\t\t\t\t<p><a href=\"https:\/\/www.planalto.gov.br\/ccivil_03\/leis\/l9394.htm\"><span style=\"color: #00afdc; font-family: var( --e-global-typography-text-font-family ), Sans-serif; font-size: 12pt;\"><b>\u00bb <\/b><\/span><span style=\"color: #00afdc;\"><span style=\"font-size: 16px;\"><b>LEI N\u00ba 9.394, DE 20 DE DEZEMBRO DE 1996<b style=\"color: #00afdc; font-size: 12pt;\">:<\/b><\/b><\/span><\/span><\/a><span style=\"color: #00afdc; font-family: var( --e-global-typography-text-font-family ), Sans-serif; font-size: 12pt;\"><b>&nbsp;<\/b><\/span><span style=\"color: #000000;\"><span style=\"font-size: 16px;\">Estabelece as diretrizes e bases da educa\u00e7\u00e3o nacional.<\/span><\/span><\/p>\n<p><a href=\"http:\/\/portal.mec.gov.br\/index.php?option=com_docman&amp;view=download&amp;alias=258171-rcp004-24&amp;category_slug=junho-2024&amp;Itemid=30192\"><b style=\"color: #00afdc; font-size: 12pt;\">\u00bb&nbsp;<\/b><span style=\"color: #00afdc;\"><span style=\"font-size: 16px;\"><b>RESOLU\u00c7\u00c3O CNE\/CES NO 4, DE 29 DE MAIO DE 2024<\/b><\/span><\/span><b style=\"color: #00afdc; font-size: 12pt;\">:<\/b><\/a><span style=\"color: #00afdc;\"><span style=\"font-size: 12pt;\">&nbsp;<\/span><\/span><span style=\"font-size: 12pt; color: #000000;\">Aprova as normas b\u00e1sicas da atividade acad\u00eamica dos Cursos de Gradua\u00e7\u00e3o na modalidade de Educa\u00e7\u00e3o \u00e0 Dist\u00e2ncia da Universidade Federal do Paran\u00e1.<\/span><\/p>\n<p><span style=\"font-size: 12pt;\"><a href=\"https:\/\/abmes.org.br\/arquivos\/legislacoes\/Portaria-mec-2117-2019-12-06.pdf\"><span style=\"color: #00afdc;\"><strong>\u00bb PORTARIA NO 2.117, DE 6 DE DEZEMBRO DE 2019:<\/strong><\/span><\/a>&nbsp;<\/span><span style=\"color: #000000;\"><span style=\"font-size: 16px;\">Disp\u00f5e sobre a oferta de carga hor\u00e1ria na modalidade de Ensino a Dist\u00e2ncia &#8211; EaD em cursos de gradua\u00e7\u00e3o presenciais ofertados por Institui\u00e7\u00f5es de Educa\u00e7\u00e3o Superior \u2013 IES pertencentes ao Sistema Federal de Ensino.<\/span><\/span><\/p>\n<p><a href=\"http:\/\/portal.mec.gov.br\/docman\/abril-2018-pdf\/85591-rces001-18\/file\"><span style=\"font-size: 12pt; color: #00afdc;\"><b>\u00bb <\/b><\/span><span style=\"color: #00afdc;\"><span style=\"font-size: 16px;\"><b>RESOLUC\u0327A\u0303O CNE\/CES N\u00ba 1, DE 6 DE ABRIL DE 2018<\/b><\/span><\/span><span style=\"font-size: 12pt; color: #00afdc;\"><b>:<\/b><\/span><\/a><b style=\"font-size: 12pt;\">&nbsp;<\/b><span style=\"font-size: 12pt; color: #000000;\">Regulamenta a oferta de disciplinas na modalidade a dist\u00e2ncia nos cursos de gradua\u00e7\u00e3o e educa\u00e7\u00e3o profissional e tecnol\u00f3gica presenciais da Universidade Federal do Paran\u00e1.<\/span><\/p>\n<p><del><span style=\"font-size: 12pt;\"><span style=\"color: #00afdc;\"><strong><a style=\"color: #00afdc;\" href=\"https:\/\/www.planalto.gov.br\/ccivil_03\/_ato2015-2018\/2017\/decreto\/d9057.htm\" target=\"_blank\" rel=\"noopener\">\u00bb DECRETO N\u00ba 9.057, DE 25 DE MAIO DE 2017<\/a>:<\/strong><\/span> <span style=\"color: #000000;\">Regulamenta o art. 80 da Lei n\u00ba 9.394, de 20 de dezembro de 1996.<\/span><\/span><\/del> <span style=\"color: #ff0000;\"><strong><span style=\"font-size: 12pt;\">(Revogado)<\/span><\/strong><\/span><\/p>\n<p><span style=\"text-decoration: underline;\"><a style=\"background-color: #ffffff;\" href=\"https:\/\/www.planalto.gov.br\/ccivil_03\/_Ato2023-2026\/2025\/Decreto\/D12456.htm#art40\"><span style=\"font-size: 12pt; color: #00afdc; text-decoration: underline;\"><span style=\"font-weight: bold;\">\u00bb&nbsp;<\/span><\/span><span style=\"color: #00afdc; text-decoration: underline;\"><span style=\"font-size: 16px;\"><span style=\"font-weight: bold;\">DECRETO N<\/span><\/span><\/span><\/a><strong style=\"color: #00afdc; font-size: 16px; text-decoration: underline;\"><a style=\"color: #00afdc; text-decoration: underline;\" href=\"https:\/\/www.planalto.gov.br\/ccivil_03\/_ato2015-2018\/2017\/decreto\/d9057.htm\" target=\"_blank\" rel=\"noopener\">\u00ba<\/a>&nbsp;12.456<\/strong><a style=\"background-color: #ffffff;\" href=\"http:\/\/portal.mec.gov.br\/docman\/abril-2018-pdf\/85591-rces001-18\/file\"><span style=\"color: #00afdc; text-decoration: underline;\"><span style=\"font-size: 16px;\"><span style=\"font-weight: bold;\">, DE 19 DE MAIO DE 2025<\/span><\/span><\/span><span style=\"font-size: 12pt; color: #00afdc; text-decoration: underline;\"><span style=\"font-weight: bold;\">:<\/span><\/span><\/a><\/span><span style=\"font-size: 12pt;\"><span style=\"color: #000000;\"> Disp\u00f5e sobre a oferta de educa\u00e7\u00e3o a dist\u00e2ncia por institui\u00e7\u00f5es de educa\u00e7\u00e3o superior em cursos de gradua\u00e7\u00e3o e altera o Decreto n\u00ba 9.235, de 15 de dezembro de 2017, que disp\u00f5e sobre o exerc\u00edcio das fun\u00e7\u00f5es de regula\u00e7\u00e3o, supervis\u00e3o e avalia\u00e7\u00e3o das institui\u00e7\u00f5es de educa\u00e7\u00e3o superior e dos cursos superiores de gradua\u00e7\u00e3o e de p\u00f3s-gradua\u00e7\u00e3o no sistema federal de ensino<\/span>. <strong><span style=\"color: #ff0000;\">(Novo)<\/span><\/strong><\/span><\/p>\n<p><span style=\"text-decoration: underline;\"><a style=\"background-color: #ffffff;\" href=\"https:\/\/www.planalto.gov.br\/ccivil_03\/_Ato2023-2026\/2025\/Decreto\/D12456.htm#art40\"><span style=\"font-size: 12pt; color: #00afdc; text-decoration: underline;\"><span style=\"font-weight: bold;\">\u00bb&nbsp;<\/span><\/span><span style=\"color: #00afdc; text-decoration: underline;\"><span style=\"font-size: 16px;\"><span style=\"font-weight: bold;\">DECRETO N<\/span><\/span><\/span><\/a><strong style=\"color: #00afdc; font-size: 16px; text-decoration: underline;\"><a style=\"color: #00afdc; text-decoration: underline;\" href=\"https:\/\/www.planalto.gov.br\/ccivil_03\/_ato2015-2018\/2017\/decreto\/d9057.htm\" target=\"_blank\" rel=\"noopener\">\u00ba<\/a> 9.235<\/strong><a style=\"background-color: #ffffff;\" href=\"http:\/\/portal.mec.gov.br\/docman\/abril-2018-pdf\/85591-rces001-18\/file\"><span style=\"color: #00afdc; text-decoration: underline;\"><span style=\"font-size: 16px;\"><span style=\"font-weight: bold;\">, DE 15 DE DEZEMBRO DE 2017<\/span><\/span><\/span><span style=\"font-size: 12pt; color: #00afdc; text-decoration: underline;\"><span style=\"font-weight: bold;\">:<\/span><\/span><\/a><\/span> <span style=\"font-size: 12pt;\"><span style=\"color: #000000;\">Disp\u00f5e sobre o exerc\u00edcio das fun\u00e7\u00f5es de regula\u00e7\u00e3o, supervis\u00e3o e avalia\u00e7\u00e3o das institui\u00e7\u00f5es de educa\u00e7\u00e3o superior e dos cursos superiores de gradua\u00e7\u00e3o e de p\u00f3s-gradua\u00e7\u00e3o no sistema federal de ensino. <\/span><span style=\"color: #ff0000;\"><strong>(atualizado pelo Decreto 12.456, de 2025)<\/strong><\/span><\/span><\/p>\n<p><span style=\"font-size: 12pt;\"><span style=\"color: #00afdc;\"><strong><a style=\"color: #00afdc;\" href=\"https:\/\/abmes.org.br\/arquivos\/legislacoes\/Port-Normativa-020-2017-12-21.pdf\" target=\"_blank\" rel=\"noopener\">\u00bb PORTARIA NO 20, DE 21 DE DEZEMBRO DE 2017<\/a>:<\/strong><\/span> <span style=\"color: #000000;\">Disp\u00f5e sobre os procedimentos e o padr\u00e3o decis\u00f3rio dos processos de credenciamento, recredenciamento, autoriza\u00e7\u00e3o, reconhecimento e renova\u00e7\u00e3o de reconhecimento de cursos superiores, bem como seus aditamentos, nas modalidades presencial e a dist\u00e2ncia, das institui\u00e7\u00f5es de educa\u00e7\u00e3o superior do sistema federal de ensino.<\/span><\/span><\/p>\n<p><span style=\"font-size: 12pt;\"><span style=\"color: #00afdc;\"><strong><a style=\"color: #00afdc;\" href=\"https:\/\/abmes.org.br\/arquivos\/legislacoes\/Port-Normativa-011-2017-06-20.pdf\" target=\"_blank\" rel=\"noopener\">\u00bb PORTARIA NORMATIVA N\u00ba 11, DE 20 DE JUNHO DE 2017<\/a>:<\/strong><\/span> <span style=\"color: #000000;\">Estabelece normas para o credenciamento de institui\u00e7\u00f5es e a oferta de cursos superiores a dist\u00e2ncia, em conformidade com o Decreto n\u00ba 9.057, de 25 de maio de 2017.<\/span><\/span><\/p>\n<p><span style=\"font-size: 12pt;\"><span style=\"color: #00afdc;\"><strong><a style=\"color: #00afdc;\" href=\"https:\/\/abmes.org.br\/arquivos\/legislacoes\/Res-CES-CNE-001-2016-03-11.pdf\">\u00bb RESOLU\u00c7\u00c3O CNE\/CES N\u00ba 1, DE 11 DE MAR\u00c7O DE 2016<\/a>:<\/strong><\/span> <span style=\"color: #000000;\">Estabelece Diretrizes e Normas Nacionais para a Oferta de Programas e Cursos de Educa\u00e7\u00e3o Superior na Modalidade a Dist\u00e2ncia.<\/span><\/span><\/p>\n<p><span style=\"font-size: 12pt;\"><a href=\"http:\/\/portal.mec.gov.br\/index.php?option=com_docman&amp;view=download&amp;alias=33151-resolucao-ceb-n1-fevereiro-2016-pdf&amp;category_slug=fevereiro-2016-pdf&amp;Itemid=30192\"><span style=\"color: #00afdc;\"><strong>\u00bb RESOLU\u00c7\u00c3O CNE\/CEB N\u00ba 1, DE 2 DE FEVEREIRO DE 2016:<\/strong><\/span><\/a> <span style=\"color: #000000;\">Define Diretrizes Operacionais Nacionais para o credenciamento institucional e a oferta de cursos e programas de Ensino M\u00e9dio, de Educa\u00e7\u00e3o Profissional T\u00e9cnica de N\u00edvel M\u00e9dio e de Educa\u00e7\u00e3o de Jovens e Adultos, nas etapas do Ensino Fundamental e do Ensino M\u00e9dio, na modalidade Educa\u00e7\u00e3o a Dist\u00e2ncia, em regime de colabora\u00e7\u00e3o entre os sistemas de ensino.<\/span><\/span><\/p>\n<p><span style=\"font-size: 12pt;\"><a href=\"https:\/\/abmes.org.br\/arquivos\/legislacoes\/Res-CES-007-2011-09-08.pdf\"><span style=\"color: #00afdc;\"><strong>\u00bb RESOLU\u00c7\u00c3O CNE\/CES N\u00ba 7, DE 8 DE SETEMBRO DE 2011:<\/strong><\/span><\/a> <span style=\"color: #000000;\">Disp\u00f5e sobre a revoga\u00e7\u00e3o das normas para o credenciamento especial de institui\u00e7\u00f5es n\u00e3o educacionais, na modalidade presencial e a dist\u00e2ncia, e d\u00e1 outras provid\u00eancias.<\/span><\/span><\/p>\n<p><span style=\"font-size: 12pt;\"><a href=\"http:\/\/portal.mec.gov.br\/index.php?option=com_docman&amp;view=download&amp;alias=8827-rces004-11-pdf-1&amp;category_slug=setembro-2011-pdf&amp;Itemid=30192\"><span style=\"color: #00afdc;\"><strong>\u00bb RESOLU\u00c7\u00c3O CNE\/CES N\u00ba 4, DE 16 DE FEVEREIRO DE 2011:<\/strong><\/span><\/a> <span style=\"color: #000000;\"> Disp\u00f5e sobre normas transit\u00f3rias acerca do credenciamento especial de institui\u00e7\u00f5es n\u00e3o educacionais, na modalidade presencial e a dist\u00e2ncia, e d\u00e1 outras provid\u00eancias.<\/span><\/span><\/p>\t\t\t\t\t\t\t\t<\/div>\n\t\t\t\t<\/div>\n\t\t\t\t\t<\/div>\n\t\t<\/div>\n\t\t\t\t\t<\/div>\n\t\t<\/section>\n\t\t\t\t<section class=\"elementor-section elementor-top-section elementor-element elementor-element-7dcb901 elementor-section-stretched elementor-section-boxed elementor-section-height-default elementor-section-height-default\" data-id=\"7dcb901\" data-element_type=\"section\" data-e-type=\"section\" data-settings=\"{&quot;stretch_section&quot;:&quot;section-stretched&quot;}\">\n\t\t\t\t\t\t<div class=\"elementor-container elementor-column-gap-default\">\n\t\t\t\t\t<div class=\"elementor-column elementor-col-100 elementor-top-column elementor-element elementor-element-0b99e96\" data-id=\"0b99e96\" data-element_type=\"column\" data-e-type=\"column\" data-settings=\"{&quot;background_background&quot;:&quot;classic&quot;}\">\n\t\t\t<div class=\"elementor-widget-wrap elementor-element-populated\">\n\t\t\t\t\t\t<div class=\"elementor-element elementor-element-7e795a1 elementor-widget elementor-widget-text-editor\" data-id=\"7e795a1\" data-element_type=\"widget\" data-e-type=\"widget\" data-widget_type=\"text-editor.default\">\n\t\t\t\t<div class=\"elementor-widget-container\">\n\t\t\t\t\t\t\t\t\t<span style=\"text-align: center;\">SEaDIP &#8211; Superintend\u00eancia de Educa\u00e7\u00e3o \u00e0 Dist\u00e2ncia e Inova\u00e7\u00f5es Pedag\u00f3gicas<\/span>\n<br><span style=\"text-align: center;\">Pra\u00e7a Santos Andrade, 50 | Centro | CEP: 80.020-300 | Curitiba\/PR<\/span><br>\n<span style=\"text-align: center;\">Contato (Teams ou e-mail):\u00a0 seadip@ufpr.br<\/span>\t\t\t\t\t\t\t\t<\/div>\n\t\t\t\t<\/div>\n\t\t\t\t<div class=\"elementor-element elementor-element-314d328 elementor-shape-circle elementor-grid-0 e-grid-align-center elementor-widget elementor-widget-social-icons\" data-id=\"314d328\" data-element_type=\"widget\" data-e-type=\"widget\" data-widget_type=\"social-icons.default\">\n\t\t\t\t<div class=\"elementor-widget-container\">\n\t\t\t\t\t\t\t<div class=\"elementor-social-icons-wrapper elementor-grid\" role=\"list\">\n\t\t\t\t\t\t\t<span class=\"elementor-grid-item\" role=\"listitem\">\n\t\t\t\t\t<a class=\"elementor-icon elementor-social-icon elementor-social-icon-instagram elementor-repeater-item-8904920\" href=\"https:\/\/www.instagram.com\/cipead\" target=\"_blank\">\n\t\t\t\t\t\t<span class=\"elementor-screen-only\">Instagram<\/span>\n\t\t\t\t\t\t<i aria-hidden=\"true\" class=\"fab fa-instagram\"><\/i>\t\t\t\t\t<\/a>\n\t\t\t\t<\/span>\n\t\t\t\t\t\t\t<span class=\"elementor-grid-item\" role=\"listitem\">\n\t\t\t\t\t<a class=\"elementor-icon elementor-social-icon elementor-social-icon-youtube elementor-repeater-item-10dbd68\" href=\"https:\/\/www.youtube.com\/channel\/UCpdgtJ711ZSg029yKwyjzhA\/featured\" target=\"_blank\">\n\t\t\t\t\t\t<span class=\"elementor-screen-only\">Youtube<\/span>\n\t\t\t\t\t\t<i aria-hidden=\"true\" class=\"fab fa-youtube\"><\/i>\t\t\t\t\t<\/a>\n\t\t\t\t<\/span>\n\t\t\t\t\t\t\t<span class=\"elementor-grid-item\" role=\"listitem\">\n\t\t\t\t\t<a class=\"elementor-icon elementor-social-icon elementor-social-icon-envelope elementor-repeater-item-47ed4f2\" href=\"http:\/\/cipead.ufpr.br\/\/index.php\/contato\/\">\n\t\t\t\t\t\t<span class=\"elementor-screen-only\">Envelope<\/span>\n\t\t\t\t\t\t<i aria-hidden=\"true\" class=\"fas fa-envelope\"><\/i>\t\t\t\t\t<\/a>\n\t\t\t\t<\/span>\n\t\t\t\t\t<\/div>\n\t\t\t\t\t\t<\/div>\n\t\t\t\t<\/div>\n\t\t\t\t\t<\/div>\n\t\t<\/div>\n\t\t\t\t\t<\/div>\n\t\t<\/section>\n\t\t\t\t<\/div>\n\t\t","protected":false},"excerpt":{"rendered":"<p>\u00faltima atualiza\u00e7\u00e3o: 20\/05\/2025 \u00bb LEI N\u00ba 9.394, DE 20 DE DEZEMBRO DE 1996:&nbsp;Estabelece as diretrizes e bases da educa\u00e7\u00e3o nacional. \u00bb&nbsp;RESOLU\u00c7\u00c3O CNE\/CES NO 4, DE 29 DE MAIO DE 2024:&nbsp;Aprova as normas b\u00e1sicas da atividade acad\u00eamica dos Cursos de Gradua\u00e7\u00e3o&#8230; <a href=\"https:\/\/cipead.ufpr.br\/index.php\/legislacao-nacional\/\" class=\"readmore\">Leia mais&#8230;<span class=\"screen-reader-text\">LEGISLA\u00c7\u00c3O NACIONAL<\/span><span class=\"fa fa-angle-double-right\" aria-hidden=\"true\"><\/span><\/a><\/p>\n","protected":false},"author":39,"featured_media":0,"parent":0,"menu_order":0,"comment_status":"closed","ping_status":"closed","template":"","meta":{"_eb_attr":"","footnotes":""},"class_list":["post-8329","page","type-page","status-publish","hentry"],"_links":{"self":[{"href":"https:\/\/cipead.ufpr.br\/index.php\/wp-json\/wp\/v2\/pages\/8329","targetHints":{"allow":["GET"]}}],"collection":[{"href":"https:\/\/cipead.ufpr.br\/index.php\/wp-json\/wp\/v2\/pages"}],"about":[{"href":"https:\/\/cipead.ufpr.br\/index.php\/wp-json\/wp\/v2\/types\/page"}],"author":[{"embeddable":true,"href":"https:\/\/cipead.ufpr.br\/index.php\/wp-json\/wp\/v2\/users\/39"}],"replies":[{"embeddable":true,"href":"https:\/\/cipead.ufpr.br\/index.php\/wp-json\/wp\/v2\/comments?post=8329"}],"version-history":[{"count":46,"href":"https:\/\/cipead.ufpr.br\/index.php\/wp-json\/wp\/v2\/pages\/8329\/revisions"}],"predecessor-version":[{"id":9340,"href":"https:\/\/cipead.ufpr.br\/index.php\/wp-json\/wp\/v2\/pages\/8329\/revisions\/9340"}],"wp:attachment":[{"href":"https:\/\/cipead.ufpr.br\/index.php\/wp-json\/wp\/v2\/media?parent=8329"}],"curies":[{"name":"wp","href":"https:\/\/api.w.org\/{rel}","templated":true}]}}