{"id":8335,"date":"2025-03-07T09:56:05","date_gmt":"2025-03-07T12:56:05","guid":{"rendered":"https:\/\/cipead.ufpr.br\/?page_id=8335"},"modified":"2025-04-02T11:55:58","modified_gmt":"2025-04-02T14:55:58","slug":"legislacao-universidade-aberta-do-brasil-uab","status":"publish","type":"page","link":"https:\/\/cipead.ufpr.br\/index.php\/legislacao-universidade-aberta-do-brasil-uab\/","title":{"rendered":"LEGISLA\u00c7\u00c3O UNIVERSIDADE ABERTA DO BRASIL (UAB)"},"content":{"rendered":"\t\t<div data-elementor-type=\"wp-page\" data-elementor-id=\"8335\" class=\"elementor elementor-8335\">\n\t\t\t\t\t\t<section class=\"elementor-section elementor-top-section elementor-element elementor-element-6315a59 elementor-section-boxed elementor-section-height-default elementor-section-height-default\" data-id=\"6315a59\" data-element_type=\"section\" data-e-type=\"section\">\n\t\t\t\t\t\t<div class=\"elementor-container elementor-column-gap-default\">\n\t\t\t\t\t<div class=\"elementor-column elementor-col-100 elementor-top-column elementor-element elementor-element-bb7c35d\" data-id=\"bb7c35d\" data-element_type=\"column\" data-e-type=\"column\">\n\t\t\t<div class=\"elementor-widget-wrap elementor-element-populated\">\n\t\t\t\t\t\t<div class=\"elementor-element elementor-element-8198248 elementor-widget elementor-widget-text-editor\" data-id=\"8198248\" data-element_type=\"widget\" data-e-type=\"widget\" data-widget_type=\"text-editor.default\">\n\t\t\t\t<div class=\"elementor-widget-container\">\n\t\t\t\t\t\t\t\t\t<p>\u00faltima atualiza\u00e7\u00e3o: 11\/03\/2025<\/p>\t\t\t\t\t\t\t\t<\/div>\n\t\t\t\t<\/div>\n\t\t\t\t<div class=\"elementor-element elementor-element-2d0491e elementor-widget elementor-widget-text-editor\" data-id=\"2d0491e\" data-element_type=\"widget\" data-e-type=\"widget\" data-widget_type=\"text-editor.default\">\n\t\t\t\t<div class=\"elementor-widget-container\">\n\t\t\t\t\t\t\t\t\t<p><a href=\"https:\/\/cad.capes.gov.br\/ato-administrativo-detalhar?idAtoAdmElastic=16423\"><span style=\"color: #00afdc; font-family: var( --e-global-typography-text-font-family ), Sans-serif; font-size: 12pt;\"><b>\u00bb PORTARIA CAPES NO 309, DE 27 DE SETEMBRO DE 2024<\/b><\/span><span style=\"color: #00afdc;\"><span style=\"font-size: 16px;\"><b><b style=\"color: #00afdc; font-size: 12pt;\">:<\/b><\/b><\/span><\/span><\/a><span style=\"color: #00afdc; font-family: var( --e-global-typography-text-font-family ), Sans-serif; font-size: 12pt;\"><b>\u00a0<\/b><\/span><span style=\"color: #000000;\"><span style=\"font-size: 16px;\">Regulamenta crit\u00e9rios, estrutura organizacional e normas para sele\u00e7\u00e3o de bolsistas e o pagamento de bolsas no \u00e2mbito do Sistema Universidade Aberta do Brasil (UAB). <\/span><\/span><\/p><p><a href=\"https:\/\/cad.capes.gov.br\/ato-administrativo-detalhar?idAtoAdmElastic=16445\"><b style=\"color: #00afdc; font-size: 12pt;\">\u00bb INSTRU\u00c7\u00c3O NORMATIVA GAB NO 1, DE 1 O DE OUTUBRO DE 2024<\/b><b style=\"color: #00afdc; font-size: 12pt;\">:<\/b><\/a><span style=\"color: #00afdc;\"><span style=\"font-size: 12pt;\">\u00a0<\/span><\/span><span style=\"font-size: 12pt; color: #000000;\">Estabelece os limites quantitativos, os par\u00e2metros de c\u00e1lculo e os procedimentos para concess\u00e3o e pagamento de bolsas no Sistema Universidade Aberta do Brasil (UAB), regulamentada pela Portaria CAPES no 309, de 27 de setembro de 2024.<\/span><\/p><p><span style=\"font-size: 12pt;\"><a href=\"https:\/\/cad.capes.gov.br\/ato-administrativo-detalhar?idAtoAdmElastic=10902\"><span style=\"color: #00afdc;\"><strong>\u00bb PORTARIA CAPES NO 33, DE 16 DE FEVEREIRO DE 2023:<\/strong><\/span><\/a>\u00a0<\/span><span style=\"color: #000000;\"><span style=\"font-size: 16px;\">Disp\u00f5e sobre o reajuste dos valores das bolsas da Coordena\u00e7\u00e3o de Aperfei\u00e7oamento de Pessoal de N\u00edvel Superior \u2013 CAPES, no pa\u00eds.\u00a0<\/span><\/span><\/p>\t\t\t\t\t\t\t\t<\/div>\n\t\t\t\t<\/div>\n\t\t\t\t\t<\/div>\n\t\t<\/div>\n\t\t\t\t\t<\/div>\n\t\t<\/section>\n\t\t\t\t<section class=\"elementor-section elementor-top-section elementor-element elementor-element-01b6634 elementor-section-stretched elementor-section-boxed elementor-section-height-default elementor-section-height-default\" data-id=\"01b6634\" data-element_type=\"section\" data-e-type=\"section\" data-settings=\"{&quot;stretch_section&quot;:&quot;section-stretched&quot;}\">\n\t\t\t\t\t\t<div class=\"elementor-container elementor-column-gap-default\">\n\t\t\t\t\t<div class=\"elementor-column elementor-col-100 elementor-top-column elementor-element elementor-element-e8e933b\" data-id=\"e8e933b\" data-element_type=\"column\" data-e-type=\"column\" data-settings=\"{&quot;background_background&quot;:&quot;classic&quot;}\">\n\t\t\t<div class=\"elementor-widget-wrap elementor-element-populated\">\n\t\t\t\t\t\t<div class=\"elementor-element elementor-element-e5a2f61 elementor-widget elementor-widget-text-editor\" data-id=\"e5a2f61\" data-element_type=\"widget\" data-e-type=\"widget\" data-widget_type=\"text-editor.default\">\n\t\t\t\t<div class=\"elementor-widget-container\">\n\t\t\t\t\t\t\t\t\t<span style=\"text-align: center;\">SEaDIP &#8211; Superintend\u00eancia de Educa\u00e7\u00e3o \u00e0 Dist\u00e2ncia e Inova\u00e7\u00f5es Pedag\u00f3gicas<\/span>\n<br><span style=\"text-align: center;\">Pra\u00e7a Santos Andrade, 50 | Centro | CEP: 80.020-300 | Curitiba\/PR<\/span><br>\n<span style=\"text-align: center;\">Contato (Teams ou e-mail):\u00a0 seadip@ufpr.br<\/span>\t\t\t\t\t\t\t\t<\/div>\n\t\t\t\t<\/div>\n\t\t\t\t<div class=\"elementor-element elementor-element-997cfd2 elementor-shape-circle elementor-grid-0 e-grid-align-center elementor-widget elementor-widget-social-icons\" data-id=\"997cfd2\" data-element_type=\"widget\" data-e-type=\"widget\" data-widget_type=\"social-icons.default\">\n\t\t\t\t<div class=\"elementor-widget-container\">\n\t\t\t\t\t\t\t<div class=\"elementor-social-icons-wrapper elementor-grid\" role=\"list\">\n\t\t\t\t\t\t\t<span class=\"elementor-grid-item\" role=\"listitem\">\n\t\t\t\t\t<a class=\"elementor-icon elementor-social-icon elementor-social-icon-instagram elementor-repeater-item-8904920\" href=\"https:\/\/www.instagram.com\/cipead\" target=\"_blank\">\n\t\t\t\t\t\t<span class=\"elementor-screen-only\">Instagram<\/span>\n\t\t\t\t\t\t<i aria-hidden=\"true\" class=\"fab fa-instagram\"><\/i>\t\t\t\t\t<\/a>\n\t\t\t\t<\/span>\n\t\t\t\t\t\t\t<span class=\"elementor-grid-item\" role=\"listitem\">\n\t\t\t\t\t<a class=\"elementor-icon elementor-social-icon elementor-social-icon-youtube elementor-repeater-item-10dbd68\" href=\"https:\/\/www.youtube.com\/channel\/UCpdgtJ711ZSg029yKwyjzhA\/featured\" target=\"_blank\">\n\t\t\t\t\t\t<span class=\"elementor-screen-only\">Youtube<\/span>\n\t\t\t\t\t\t<i aria-hidden=\"true\" class=\"fab fa-youtube\"><\/i>\t\t\t\t\t<\/a>\n\t\t\t\t<\/span>\n\t\t\t\t\t\t\t<span class=\"elementor-grid-item\" role=\"listitem\">\n\t\t\t\t\t<a class=\"elementor-icon elementor-social-icon elementor-social-icon-envelope elementor-repeater-item-47ed4f2\" href=\"http:\/\/cipead.ufpr.br\/\/index.php\/contato\/\">\n\t\t\t\t\t\t<span class=\"elementor-screen-only\">Envelope<\/span>\n\t\t\t\t\t\t<i aria-hidden=\"true\" class=\"fas fa-envelope\"><\/i>\t\t\t\t\t<\/a>\n\t\t\t\t<\/span>\n\t\t\t\t\t<\/div>\n\t\t\t\t\t\t<\/div>\n\t\t\t\t<\/div>\n\t\t\t\t\t<\/div>\n\t\t<\/div>\n\t\t\t\t\t<\/div>\n\t\t<\/section>\n\t\t\t\t<\/div>\n\t\t","protected":false},"excerpt":{"rendered":"<p>\u00faltima atualiza\u00e7\u00e3o: 11\/03\/2025 \u00bb PORTARIA CAPES NO 309, DE 27 DE SETEMBRO DE 2024:\u00a0Regulamenta crit\u00e9rios, estrutura organizacional e normas para sele\u00e7\u00e3o de bolsistas e o pagamento de bolsas no \u00e2mbito do Sistema Universidade Aberta do Brasil (UAB). \u00bb INSTRU\u00c7\u00c3O NORMATIVA&#8230; <a href=\"https:\/\/cipead.ufpr.br\/index.php\/legislacao-universidade-aberta-do-brasil-uab\/\" class=\"readmore\">Leia mais&#8230;<span class=\"screen-reader-text\">LEGISLA\u00c7\u00c3O UNIVERSIDADE ABERTA DO BRASIL (UAB)<\/span><span class=\"fa fa-angle-double-right\" aria-hidden=\"true\"><\/span><\/a><\/p>\n","protected":false},"author":39,"featured_media":0,"parent":0,"menu_order":0,"comment_status":"closed","ping_status":"closed","template":"","meta":{"_eb_attr":"","footnotes":""},"class_list":["post-8335","page","type-page","status-publish","hentry"],"_links":{"self":[{"href":"https:\/\/cipead.ufpr.br\/index.php\/wp-json\/wp\/v2\/pages\/8335","targetHints":{"allow":["GET"]}}],"collection":[{"href":"https:\/\/cipead.ufpr.br\/index.php\/wp-json\/wp\/v2\/pages"}],"about":[{"href":"https:\/\/cipead.ufpr.br\/index.php\/wp-json\/wp\/v2\/types\/page"}],"author":[{"embeddable":true,"href":"https:\/\/cipead.ufpr.br\/index.php\/wp-json\/wp\/v2\/users\/39"}],"replies":[{"embeddable":true,"href":"https:\/\/cipead.ufpr.br\/index.php\/wp-json\/wp\/v2\/comments?post=8335"}],"version-history":[{"count":13,"href":"https:\/\/cipead.ufpr.br\/index.php\/wp-json\/wp\/v2\/pages\/8335\/revisions"}],"predecessor-version":[{"id":8963,"href":"https:\/\/cipead.ufpr.br\/index.php\/wp-json\/wp\/v2\/pages\/8335\/revisions\/8963"}],"wp:attachment":[{"href":"https:\/\/cipead.ufpr.br\/index.php\/wp-json\/wp\/v2\/media?parent=8335"}],"curies":[{"name":"wp","href":"https:\/\/api.w.org\/{rel}","templated":true}]}}