{"id":9343,"date":"2025-05-21T15:15:16","date_gmt":"2025-05-21T18:15:16","guid":{"rendered":"https:\/\/cipead.ufpr.br\/?page_id=9343"},"modified":"2025-05-21T15:28:58","modified_gmt":"2025-05-21T18:28:58","slug":"impugnacao-recurso-uab","status":"publish","type":"page","link":"https:\/\/cipead.ufpr.br\/index.php\/impugnacao-recurso-uab\/","title":{"rendered":"IMPUGNA\u00c7\u00c3O\/RECURSO UAB"},"content":{"rendered":"\t\t<div data-elementor-type=\"wp-page\" data-elementor-id=\"9343\" class=\"elementor elementor-9343\">\n\t\t\t\t\t\t<section class=\"elementor-section elementor-top-section elementor-element elementor-element-136d196 elementor-section-boxed elementor-section-height-default elementor-section-height-default\" data-id=\"136d196\" data-element_type=\"section\" data-e-type=\"section\">\n\t\t\t\t\t\t<div class=\"elementor-container elementor-column-gap-default\">\n\t\t\t\t\t<div class=\"elementor-column elementor-col-100 elementor-top-column elementor-element elementor-element-c3905ab\" data-id=\"c3905ab\" data-element_type=\"column\" data-e-type=\"column\">\n\t\t\t<div class=\"elementor-widget-wrap elementor-element-populated\">\n\t\t\t\t\t\t<div class=\"elementor-element elementor-element-2408369 elementor-widget elementor-widget-text-editor\" data-id=\"2408369\" data-element_type=\"widget\" data-e-type=\"widget\" data-widget_type=\"text-editor.default\">\n\t\t\t\t<div class=\"elementor-widget-container\">\n\t\t\t\t\t\t\t\t\t<p>Este formul\u00e1rio \u00e9 destinado para o envio de impugna\u00e7\u00f5es ou recursos relacionados aos processos seletivos da Universidade Aberta do Brasil (UAB), conforme prazos e orienta\u00e7\u00f5es estabelecidos nos respectivos editais.<\/p>\t\t\t\t\t\t\t\t<\/div>\n\t\t\t\t<\/div>\n\t\t\t\t<div class=\"elementor-element elementor-element-5cb00c8 elementor-widget elementor-widget-heading\" data-id=\"5cb00c8\" data-element_type=\"widget\" data-e-type=\"widget\" data-widget_type=\"heading.default\">\n\t\t\t\t<div class=\"elementor-widget-container\">\n\t\t\t\t\t<h2 class=\"elementor-heading-title elementor-size-default\">Formul\u00e1rio<\/h2>\t\t\t\t<\/div>\n\t\t\t\t<\/div>\n\t\t\t\t<div class=\"elementor-element elementor-element-58d5590 elementor-widget elementor-widget-shortcode\" data-id=\"58d5590\" data-element_type=\"widget\" data-e-type=\"widget\" data-widget_type=\"shortcode.default\">\n\t\t\t\t<div class=\"elementor-widget-container\">\n\t\t\t\t\t\t\t<div class=\"elementor-shortcode\">[contact-form-7 id=\"375e5e9\" title=\"Formul\u00e1rio de Impugna\u00e7\u00e3o\/Recurso\"]<\/div>\n\t\t\t\t\t\t<\/div>\n\t\t\t\t<\/div>\n\t\t\t\t\t<\/div>\n\t\t<\/div>\n\t\t\t\t\t<\/div>\n\t\t<\/section>\n\t\t\t\t<\/div>\n\t\t","protected":false},"excerpt":{"rendered":"<p>Este formul\u00e1rio \u00e9 destinado para o envio de impugna\u00e7\u00f5es ou recursos relacionados aos processos seletivos da Universidade Aberta do Brasil (UAB), conforme prazos e orienta\u00e7\u00f5es estabelecidos nos respectivos editais. Formul\u00e1rio [contact-form-7 id=&#8221;375e5e9&#8243; title=&#8221;Formul\u00e1rio de Impugna\u00e7\u00e3o\/Recurso&#8221;]<\/p>\n","protected":false},"author":39,"featured_media":0,"parent":0,"menu_order":0,"comment_status":"closed","ping_status":"closed","template":"","meta":{"_eb_attr":"","footnotes":""},"class_list":["post-9343","page","type-page","status-publish","hentry"],"_links":{"self":[{"href":"https:\/\/cipead.ufpr.br\/index.php\/wp-json\/wp\/v2\/pages\/9343","targetHints":{"allow":["GET"]}}],"collection":[{"href":"https:\/\/cipead.ufpr.br\/index.php\/wp-json\/wp\/v2\/pages"}],"about":[{"href":"https:\/\/cipead.ufpr.br\/index.php\/wp-json\/wp\/v2\/types\/page"}],"author":[{"embeddable":true,"href":"https:\/\/cipead.ufpr.br\/index.php\/wp-json\/wp\/v2\/users\/39"}],"replies":[{"embeddable":true,"href":"https:\/\/cipead.ufpr.br\/index.php\/wp-json\/wp\/v2\/comments?post=9343"}],"version-history":[{"count":11,"href":"https:\/\/cipead.ufpr.br\/index.php\/wp-json\/wp\/v2\/pages\/9343\/revisions"}],"predecessor-version":[{"id":9672,"href":"https:\/\/cipead.ufpr.br\/index.php\/wp-json\/wp\/v2\/pages\/9343\/revisions\/9672"}],"wp:attachment":[{"href":"https:\/\/cipead.ufpr.br\/index.php\/wp-json\/wp\/v2\/media?parent=9343"}],"curies":[{"name":"wp","href":"https:\/\/api.w.org\/{rel}","templated":true}]}}