{"id":9696,"date":"2025-07-02T16:37:05","date_gmt":"2025-07-02T19:37:05","guid":{"rendered":"https:\/\/cipead.ufpr.br\/?page_id=9696"},"modified":"2025-07-02T16:40:35","modified_gmt":"2025-07-02T19:40:35","slug":"formulario-de-inscricao-coordenador-pedagogia","status":"publish","type":"page","link":"https:\/\/cipead.ufpr.br\/index.php\/formulario-de-inscricao-coordenador-pedagogia\/","title":{"rendered":"Formul\u00e1rio de Inscri\u00e7\u00e3o \u2013 Coordenador Pedagogia EaD"},"content":{"rendered":"<p>[contact-form-7 id=&#8221;a425a97&#8243; title=&#8221;Formul\u00e1rio de Inscri\u00e7\u00e3o &#8211;  Coordenador Pedagogia&#8221;]<\/p>\n","protected":false},"excerpt":{"rendered":"","protected":false},"author":39,"featured_media":0,"parent":0,"menu_order":0,"comment_status":"closed","ping_status":"closed","template":"","meta":{"_eb_attr":"","footnotes":""},"class_list":["post-9696","page","type-page","status-publish","hentry"],"_links":{"self":[{"href":"https:\/\/cipead.ufpr.br\/index.php\/wp-json\/wp\/v2\/pages\/9696","targetHints":{"allow":["GET"]}}],"collection":[{"href":"https:\/\/cipead.ufpr.br\/index.php\/wp-json\/wp\/v2\/pages"}],"about":[{"href":"https:\/\/cipead.ufpr.br\/index.php\/wp-json\/wp\/v2\/types\/page"}],"author":[{"embeddable":true,"href":"https:\/\/cipead.ufpr.br\/index.php\/wp-json\/wp\/v2\/users\/39"}],"replies":[{"embeddable":true,"href":"https:\/\/cipead.ufpr.br\/index.php\/wp-json\/wp\/v2\/comments?post=9696"}],"version-history":[{"count":2,"href":"https:\/\/cipead.ufpr.br\/index.php\/wp-json\/wp\/v2\/pages\/9696\/revisions"}],"predecessor-version":[{"id":9705,"href":"https:\/\/cipead.ufpr.br\/index.php\/wp-json\/wp\/v2\/pages\/9696\/revisions\/9705"}],"wp:attachment":[{"href":"https:\/\/cipead.ufpr.br\/index.php\/wp-json\/wp\/v2\/media?parent=9696"}],"curies":[{"name":"wp","href":"https:\/\/api.w.org\/{rel}","templated":true}]}}

Formulário de Inscrição – Coordenador Pedagogia EaD

<p>[contact-form-7 id=&#8221;a425a97&#8243; title=&#8221;Formulário de Inscrição &#8211;  Coordenador Pedagogia&#8221;]</p>
